{"id":41,"date":"2025-04-03T16:29:36","date_gmt":"2025-04-03T14:29:36","guid":{"rendered":"https:\/\/teambananenflanke.de\/wuerzburg\/?page_id=41"},"modified":"2025-12-11T10:12:01","modified_gmt":"2025-12-11T09:12:01","slug":"sponsoren","status":"publish","type":"page","link":"https:\/\/team-bananenflanke.de\/wuerzburg\/sponsoren\/","title":{"rendered":"Sponsoren"},"content":{"rendered":"[et_pb_section fb_built=&#8220;1&#8243; fullwidth=&#8220;on&#8220; _builder_version=&#8220;4.7.6&#8243; _module_preset=&#8220;default&#8220;][et_pb_fullwidth_slider _builder_version=&#8220;4.7.6&#8243; _module_preset=&#8220;default&#8220; min_height=&#8220;550px&#8220; height=&#8220;500px&#8220; max_height=&#8220;500px&#8220;][et_pb_slide _builder_version=&#8220;4.7.6&#8243; _module_preset=&#8220;default&#8220; background_enable_color=&#8220;off&#8220; background_image=&#8220;https:\/\/teambananenflanke.de\/wuerzburg\/wp-content\/uploads\/2025\/04\/wuerzburg-1024&#215;352.jpg&#8220; background_enable_image=&#8220;on&#8220; background_size=&#8220;contain&#8220; sticky_transition=&#8220;on&#8220;][\/et_pb_slide][\/et_pb_fullwidth_slider][\/et_pb_section][et_pb_section fb_built=&#8220;1&#8243; admin_label=&#8220;section&#8220; _builder_version=&#8220;3.22&#8243;][et_pb_row admin_label=&#8220;row&#8220; _builder_version=&#8220;3.25&#8243; background_size=&#8220;initial&#8220; background_position=&#8220;top_left&#8220; background_repeat=&#8220;repeat&#8220;][et_pb_column type=&#8220;4_4&#8243; _builder_version=&#8220;3.25&#8243; custom_padding=&#8220;|||&#8220; custom_padding__hover=&#8220;|||&#8220;][et_pb_text admin_label=&#8220;Text&#8220; _builder_version=&#8220;4.7.6&#8243; background_size=&#8220;initial&#8220; background_position=&#8220;top_left&#8220; background_repeat=&#8220;repeat&#8220; hover_enabled=&#8220;0&#8243; sticky_enabled=&#8220;0&#8243;]<p><strong style=\"color: #333333; font-size: 30px;\">\ud83e\udd1d Sponsoren \u2013 Gemeinsam f\u00fcr Inklusion! \u26bd\ud83c\udf4c<\/strong><\/p>\n<p data-start=\"51\" data-end=\"303\" class=\"\">Ohne starke Partner w\u00e4re unser Herzensprojekt nicht m\u00f6glich! <strong data-start=\"112\" data-end=\"298\">Danke an alle Sponsoren, die Bananenflanke W\u00fcrzburg unterst\u00fctzen und damit Kindern und Jugendlichen mit geistiger Beeintr\u00e4chtigung die Chance auf unvergessliche Fu\u00dfballmomente geben.<\/strong> \ud83d\udc9b<\/p>\n<p data-start=\"305\" data-end=\"516\" class=\"\">Unsere Sponsoren helfen uns, den Trainings- und Spielbetrieb zu finanzieren, Trikots und Ausr\u00fcstung bereitzustellen und Turniere zu erm\u00f6glichen. Mit ihrer Unterst\u00fctzung zeigen sie: <strong data-start=\"486\" data-end=\"514\">Fu\u00dfball ist f\u00fcr alle da!<\/strong><\/p>\n<h3 data-start=\"518\" data-end=\"556\" class=\"\">Unsere Partner &amp; Unterst\u00fctzer \ud83c\udf1f<\/h3>\n<p data-start=\"557\" data-end=\"730\" class=\"\">\ud83c\udfc6 <strong data-start=\"560\" data-end=\"581\">PUMA<\/strong><\/p>\n<h3 data-start=\"732\" data-end=\"766\" class=\"\">Werde Teil unseres Teams! \ud83e\udd0d<\/h3>\n<p data-start=\"767\" data-end=\"988\" class=\"\">Du m\u00f6chtest mit deinem Unternehmen oder deiner Organisation ein Zeichen f\u00fcr Inklusion setzen? <strong data-start=\"861\" data-end=\"986\">Werde Sponsor von Bananenflanke W\u00fcrzburg und unterst\u00fctze uns dabei, Kindern mit Handicap eine sportliche Heimat zu geben.<\/strong><\/p>\n<p data-start=\"990\" data-end=\"1130\" class=\"\">\ud83d\udce9 <strong data-start=\"993\" data-end=\"1029\">Kontakt f\u00fcr Sponsoring-Anfragen:<\/strong> christian.baumann@bananenflankenliga.de<br data-start=\"1057\" data-end=\"1060\" \/> \ud83d\udcdc <strong data-start=\"1063\" data-end=\"1111\">Mehr \u00fcber unsere Sponsoring-Pakete erfahren?<\/strong> christian.baumann@bananenflankenliga.de<\/p>\n<p data-start=\"1132\" data-end=\"1214\" class=\"\"><strong data-start=\"1132\" data-end=\"1206\">Danke f\u00fcr eure Unterst\u00fctzung! Gemeinsam machen wir den Fu\u00dfball bunter.<\/strong> \ud83d\udc9b\u26bd\ud83c\udf4c<\/p>\n<p><\/p>\n[\/et_pb_text][\/et_pb_column][\/et_pb_row][\/et_pb_section]<!-- \/wp:post-content -->","protected":false},"excerpt":{"rendered":"<p>[et_pb_section fb_built=&#8220;1&#8243; fullwidth=&#8220;on&#8220; _builder_version=&#8220;4.7.6&#8243; _module_preset=&#8220;default&#8220;][et_pb_fullwidth_slider _builder_version=&#8220;4.7.6&#8243; _module_preset=&#8220;default&#8220; min_height=&#8220;550px&#8220; height=&#8220;500px&#8220; max_height=&#8220;500px&#8220;][et_pb_slide _builder_version=&#8220;4.7.6&#8243; _module_preset=&#8220;default&#8220; background_enable_color=&#8220;off&#8220; background_image=&#8220;https:\/\/teambananenflanke.de\/wuerzburg\/wp-content\/uploads\/2025\/04\/wuerzburg-1024&#215;352.jpg&#8220; background_enable_image=&#8220;on&#8220; background_size=&#8220;contain&#8220; sticky_transition=&#8220;on&#8220;][\/et_pb_slide][\/et_pb_fullwidth_slider][\/et_pb_section][et_pb_section fb_built=&#8220;1&#8243; admin_label=&#8220;section&#8220; _builder_version=&#8220;3.22&#8243;][et_pb_row admin_label=&#8220;row&#8220; _builder_version=&#8220;3.25&#8243; background_size=&#8220;initial&#8220; background_position=&#8220;top_left&#8220; background_repeat=&#8220;repeat&#8220;][et_pb_column type=&#8220;4_4&#8243; _builder_version=&#8220;3.25&#8243; custom_padding=&#8220;|||&#8220; custom_padding__hover=&#8220;|||&#8220;][et_pb_text admin_label=&#8220;Text&#8220; _builder_version=&#8220;4.7.6&#8243; background_size=&#8220;initial&#8220; background_position=&#8220;top_left&#8220; background_repeat=&#8220;repeat&#8220; hover_enabled=&#8220;0&#8243; sticky_enabled=&#8220;0&#8243;] \ud83e\udd1d Sponsoren \u2013 Gemeinsam f\u00fcr Inklusion! \u26bd\ud83c\udf4c Ohne starke Partner w\u00e4re unser Herzensprojekt nicht m\u00f6glich! Danke an alle Sponsoren, [&hellip;]<\/p>\n","protected":false},"author":1,"featured_media":0,"parent":0,"menu_order":0,"comment_status":"closed","ping_status":"closed","template":"","meta":{"_et_pb_use_builder":"on","_et_pb_old_content":"<!-- wp:paragraph -->\n<p>Dies ist eine Beispiel-Seite. Sie unterscheidet sich von Beitr\u00e4gen, da sie stets an derselben Stelle bleibt und (bei den meisten Themes) in der Website-Navigation angezeigt wird. Die meisten starten mit einem Impressum, der Datenschutzerkl\u00e4rung oder einer \u201e\u00dcber\u00a0uns\u201c-Seite, um sich potenziellen Besuchern der Website vorzustellen. Dort k\u00f6nnte zum Beispiel stehen:<\/p>\n<!-- \/wp:paragraph -->\n\n<!-- wp:quote -->\n<blockquote class=\"wp-block-quote\"><p>Hallo! Tags\u00fcber arbeite ich als Fahrradkurier, nachts bin ich ein aufstrebender Schauspieler und dies hier ist meine Website. Ich lebe in Berlin, habe einen gro\u00dfen Hund namens Jack, mag Pi&#241;a Coladas, jedoch weniger (ohne Schirm) im Regen stehen gelassen zu werden.<\/p><\/blockquote>\n<!-- \/wp:quote -->\n\n<!-- wp:paragraph -->\n<p>...\u00a0oder so etwas wie:<\/p>\n<!-- \/wp:paragraph -->\n\n<!-- wp:quote -->\n<blockquote class=\"wp-block-quote\"><p>Das Unternehmen XYZ wurde 1971 gegr\u00fcndet und versorgt die \u00d6ffentlichkeit seither mit qualitativ hochwertigen Produkten. An seinem Standort in einer kleinen Gro\u00dfstadt besch\u00e4ftigt der Betrieb \u00fcber 2.000 Menschen und unterst\u00fctzt die Stadtbewohner in vielfacher Hinsicht.<\/p><\/blockquote>\n<!-- \/wp:quote -->\n\n<!-- wp:paragraph -->\n<p>Als neuer WordPress-Benutzer solltest du <a href=\"https:\/\/teambananenflanke.de\/wuerzburg\/wp-admin\/\">dein Dashboard<\/a> aufrufen, um diese Seite zu l\u00f6schen und neue Seiten und Beitr\u00e4ge f\u00fcr deine Website erstellen. Viel Spa\u00df!<\/p>\n<!-- \/wp:paragraph -->","_et_gb_content_width":"","footnotes":""},"class_list":["post-41","page","type-page","status-publish","hentry"],"yoast_head":"<!-- This site is optimized with the Yoast SEO plugin v26.5 - https:\/\/yoast.com\/wordpress\/plugins\/seo\/ -->\n<title>Sponsoren - Team Bananenflanke\u00ae W\u00fcrzburg e.V.<\/title>\n<meta name=\"description\" content=\"Unsere Sponsoren unterst\u00fctzen das Team Bananenflanke W\u00fcrzburg. Erfahre mehr \u00fcber unsere Partner und F\u00f6rderer.\" \/>\n<meta name=\"robots\" content=\"index, follow, max-snippet:-1, max-image-preview:large, max-video-preview:-1\" \/>\n<link rel=\"canonical\" href=\"https:\/\/team-bananenflanke.de\/wuerzburg\/sponsoren\/\" \/>\n<meta property=\"og:locale\" content=\"de_DE\" \/>\n<meta property=\"og:type\" content=\"article\" \/>\n<meta property=\"og:title\" content=\"Sponsoren - Team Bananenflanke\u00ae W\u00fcrzburg e.V.\" \/>\n<meta property=\"og:description\" content=\"Unsere Sponsoren unterst\u00fctzen das Team Bananenflanke W\u00fcrzburg. Erfahre mehr \u00fcber unsere Partner und F\u00f6rderer.\" \/>\n<meta property=\"og:url\" content=\"https:\/\/team-bananenflanke.de\/wuerzburg\/sponsoren\/\" \/>\n<meta property=\"og:site_name\" content=\"Team Bananenflanke\u00ae W\u00fcrzburg e.V.\" \/>\n<meta property=\"article:modified_time\" content=\"2025-12-11T09:12:01+00:00\" \/>\n<meta name=\"twitter:card\" content=\"summary_large_image\" \/>\n<meta name=\"twitter:label1\" content=\"Gesch\u00e4tzte Lesezeit\" \/>\n\t<meta name=\"twitter:data1\" content=\"1\u00a0Minute\" \/>\n<script type=\"application\/ld+json\" class=\"yoast-schema-graph\">{\"@context\":\"https:\/\/schema.org\",\"@graph\":[{\"@type\":\"WebPage\",\"@id\":\"https:\/\/team-bananenflanke.de\/wuerzburg\/sponsoren\/\",\"url\":\"https:\/\/team-bananenflanke.de\/wuerzburg\/sponsoren\/\",\"name\":\"Sponsoren - Team Bananenflanke\u00ae W\u00fcrzburg e.V.\",\"isPartOf\":{\"@id\":\"https:\/\/team-bananenflanke.de\/wuerzburg\/#website\"},\"datePublished\":\"2025-04-03T14:29:36+00:00\",\"dateModified\":\"2025-12-11T09:12:01+00:00\",\"description\":\"Unsere Sponsoren unterst\u00fctzen das Team Bananenflanke W\u00fcrzburg. Erfahre mehr \u00fcber unsere Partner und F\u00f6rderer.\",\"breadcrumb\":{\"@id\":\"https:\/\/team-bananenflanke.de\/wuerzburg\/sponsoren\/#breadcrumb\"},\"inLanguage\":\"de\",\"potentialAction\":[{\"@type\":\"ReadAction\",\"target\":[\"https:\/\/team-bananenflanke.de\/wuerzburg\/sponsoren\/\"]}]},{\"@type\":\"BreadcrumbList\",\"@id\":\"https:\/\/team-bananenflanke.de\/wuerzburg\/sponsoren\/#breadcrumb\",\"itemListElement\":[{\"@type\":\"ListItem\",\"position\":1,\"name\":\"Startseite\",\"item\":\"https:\/\/team-bananenflanke.de\/wuerzburg\/\"},{\"@type\":\"ListItem\",\"position\":2,\"name\":\"Sponsoren\"}]},{\"@type\":\"WebSite\",\"@id\":\"https:\/\/team-bananenflanke.de\/wuerzburg\/#website\",\"url\":\"https:\/\/team-bananenflanke.de\/wuerzburg\/\",\"name\":\"Team Bananenflanke\u00ae W\u00fcrzburg e.V.\",\"description\":\"Fu\u00dfball kennt keine Grenzen!\",\"potentialAction\":[{\"@type\":\"SearchAction\",\"target\":{\"@type\":\"EntryPoint\",\"urlTemplate\":\"https:\/\/team-bananenflanke.de\/wuerzburg\/?s={search_term_string}\"},\"query-input\":{\"@type\":\"PropertyValueSpecification\",\"valueRequired\":true,\"valueName\":\"search_term_string\"}}],\"inLanguage\":\"de\"}]}<\/script>\n<!-- \/ Yoast SEO plugin. -->","yoast_head_json":{"title":"Sponsoren - Team Bananenflanke\u00ae W\u00fcrzburg e.V.","description":"Unsere Sponsoren unterst\u00fctzen das Team Bananenflanke W\u00fcrzburg. Erfahre mehr \u00fcber unsere Partner und F\u00f6rderer.","robots":{"index":"index","follow":"follow","max-snippet":"max-snippet:-1","max-image-preview":"max-image-preview:large","max-video-preview":"max-video-preview:-1"},"canonical":"https:\/\/team-bananenflanke.de\/wuerzburg\/sponsoren\/","og_locale":"de_DE","og_type":"article","og_title":"Sponsoren - Team Bananenflanke\u00ae W\u00fcrzburg e.V.","og_description":"Unsere Sponsoren unterst\u00fctzen das Team Bananenflanke W\u00fcrzburg. Erfahre mehr \u00fcber unsere Partner und F\u00f6rderer.","og_url":"https:\/\/team-bananenflanke.de\/wuerzburg\/sponsoren\/","og_site_name":"Team Bananenflanke\u00ae W\u00fcrzburg e.V.","article_modified_time":"2025-12-11T09:12:01+00:00","twitter_card":"summary_large_image","twitter_misc":{"Gesch\u00e4tzte Lesezeit":"1\u00a0Minute"},"schema":{"@context":"https:\/\/schema.org","@graph":[{"@type":"WebPage","@id":"https:\/\/team-bananenflanke.de\/wuerzburg\/sponsoren\/","url":"https:\/\/team-bananenflanke.de\/wuerzburg\/sponsoren\/","name":"Sponsoren - Team Bananenflanke\u00ae W\u00fcrzburg e.V.","isPartOf":{"@id":"https:\/\/team-bananenflanke.de\/wuerzburg\/#website"},"datePublished":"2025-04-03T14:29:36+00:00","dateModified":"2025-12-11T09:12:01+00:00","description":"Unsere Sponsoren unterst\u00fctzen das Team Bananenflanke W\u00fcrzburg. Erfahre mehr \u00fcber unsere Partner und F\u00f6rderer.","breadcrumb":{"@id":"https:\/\/team-bananenflanke.de\/wuerzburg\/sponsoren\/#breadcrumb"},"inLanguage":"de","potentialAction":[{"@type":"ReadAction","target":["https:\/\/team-bananenflanke.de\/wuerzburg\/sponsoren\/"]}]},{"@type":"BreadcrumbList","@id":"https:\/\/team-bananenflanke.de\/wuerzburg\/sponsoren\/#breadcrumb","itemListElement":[{"@type":"ListItem","position":1,"name":"Startseite","item":"https:\/\/team-bananenflanke.de\/wuerzburg\/"},{"@type":"ListItem","position":2,"name":"Sponsoren"}]},{"@type":"WebSite","@id":"https:\/\/team-bananenflanke.de\/wuerzburg\/#website","url":"https:\/\/team-bananenflanke.de\/wuerzburg\/","name":"Team Bananenflanke\u00ae W\u00fcrzburg e.V.","description":"Fu\u00dfball kennt keine Grenzen!","potentialAction":[{"@type":"SearchAction","target":{"@type":"EntryPoint","urlTemplate":"https:\/\/team-bananenflanke.de\/wuerzburg\/?s={search_term_string}"},"query-input":{"@type":"PropertyValueSpecification","valueRequired":true,"valueName":"search_term_string"}}],"inLanguage":"de"}]}},"_links":{"self":[{"href":"https:\/\/team-bananenflanke.de\/wuerzburg\/wp-json\/wp\/v2\/pages\/41","targetHints":{"allow":["GET"]}}],"collection":[{"href":"https:\/\/team-bananenflanke.de\/wuerzburg\/wp-json\/wp\/v2\/pages"}],"about":[{"href":"https:\/\/team-bananenflanke.de\/wuerzburg\/wp-json\/wp\/v2\/types\/page"}],"author":[{"embeddable":true,"href":"https:\/\/team-bananenflanke.de\/wuerzburg\/wp-json\/wp\/v2\/users\/1"}],"replies":[{"embeddable":true,"href":"https:\/\/team-bananenflanke.de\/wuerzburg\/wp-json\/wp\/v2\/comments?post=41"}],"version-history":[{"count":3,"href":"https:\/\/team-bananenflanke.de\/wuerzburg\/wp-json\/wp\/v2\/pages\/41\/revisions"}],"predecessor-version":[{"id":108,"href":"https:\/\/team-bananenflanke.de\/wuerzburg\/wp-json\/wp\/v2\/pages\/41\/revisions\/108"}],"wp:attachment":[{"href":"https:\/\/team-bananenflanke.de\/wuerzburg\/wp-json\/wp\/v2\/media?parent=41"}],"curies":[{"name":"wp","href":"https:\/\/api.w.org\/{rel}","templated":true}]}}