{"id":33,"date":"2025-04-03T16:28:14","date_gmt":"2025-04-03T14:28:14","guid":{"rendered":"https:\/\/teambananenflanke.de\/wuerzburg\/?page_id=33"},"modified":"2026-03-25T15:26:31","modified_gmt":"2026-03-25T14:26:31","slug":"spielplan","status":"publish","type":"page","link":"https:\/\/team-bananenflanke.de\/wuerzburg\/spielplan\/","title":{"rendered":"Spielplan"},"content":{"rendered":"<p>[et_pb_section fb_built=&#8220;1&#8243; fullwidth=&#8220;on&#8220; _builder_version=&#8220;4.7.6&#8243; _module_preset=&#8220;default&#8220;][et_pb_fullwidth_slider _builder_version=&#8220;4.7.6&#8243; _module_preset=&#8220;default&#8220; min_height=&#8220;550px&#8220; height=&#8220;500px&#8220; max_height=&#8220;500px&#8220;][et_pb_slide _builder_version=&#8220;4.7.6&#8243; _module_preset=&#8220;default&#8220; background_enable_color=&#8220;off&#8220; background_image=&#8220;https:\/\/teambananenflanke.de\/wuerzburg\/wp-content\/uploads\/2025\/04\/wuerzburg-1024&#215;352.jpg&#8220; background_enable_image=&#8220;on&#8220; background_size=&#8220;contain&#8220; sticky_transition=&#8220;on&#8220;][\/et_pb_slide][\/et_pb_fullwidth_slider][\/et_pb_section][et_pb_section fb_built=&#8220;1&#8243; admin_label=&#8220;section&#8220; _builder_version=&#8220;3.22&#8243;][et_pb_row admin_label=&#8220;row&#8220; _builder_version=&#8220;3.25&#8243; background_size=&#8220;initial&#8220; background_position=&#8220;top_left&#8220; background_repeat=&#8220;repeat&#8220;][et_pb_column type=&#8220;4_4&#8243; _builder_version=&#8220;3.25&#8243; custom_padding=&#8220;|||&#8220; custom_padding__hover=&#8220;|||&#8220;][et_pb_text admin_label=&#8220;Text&#8220; _builder_version=&#8220;4.7.6&#8243; background_size=&#8220;initial&#8220; background_position=&#8220;top_left&#8220; background_repeat=&#8220;repeat&#8220;]<\/p>\n<p><strong style=\"color: #333333; font-size: 30px;\">Trainings- und Spielplan<\/strong><\/p>\n<p>&nbsp;<\/p>\n<p class=\"\" data-start=\"49\" data-end=\"267\">Hier findest du die n\u00e4chsten\u00a0<strong data-start=\"70\" data-end=\"105\">anstehenden Trainingstermine, Spiele und Turniere<\/strong> unseres Teams! Beim Team Bananenflanke W\u00fcrzburg geht es nicht um Tabellen oder Punkte \u2013 <strong data-start=\"188\" data-end=\"262\">der Spa\u00df am Fu\u00dfball und das gemeinsame Erlebnis stehen im Mittelpunkt!<\/strong> \ud83d\udc9b<\/p>\n<p>&nbsp;<\/p>\n<p class=\"\" data-start=\"269\" data-end=\"433\">Egal ob Heimspiel oder Ausw\u00e4rtsspiel, ob kleines Turnier oder gro\u00dfes Event \u2013 unsere Spieler freuen sich \u00fcber jede Unterst\u00fctzung von Fans, Familie und Freunden! \ud83c\udf89<\/p>\n<p>&nbsp;<\/p>\n<p class=\"\" data-start=\"435\" data-end=\"562\">\ud83d\udc49 <strong data-start=\"438\" data-end=\"462\">Aktueller Spielplan:<\/strong><\/p>\n<p>&nbsp;<\/p>\n<table class=\"table table-responsive-lg border-2px\">\n<thead>\n<tr>\n<th>Datum<\/th>\n<th>Uhrzeit<\/th>\n<th>Veranstaltungsort<\/th>\n<th>Details<\/th>\n<th>\u00a0<\/th>\n<\/tr>\n<\/thead>\n<tbody>\n<tr>\n<td>17. Januar 2026<\/td>\n<td>14.00 Uhr<\/td>\n<td>Soccerworld W\u00fcrzburg<\/td>\n<td>Oberd\u00fcrrbacher Str. 45, W\u00fcrzburg<\/td>\n<td>Spieltag<\/td>\n<\/tr>\n<tr>\n<td>23. Januar 2026<\/td>\n<td>17:30 Uhr<\/td>\n<td>Christophorusschule W\u00fcrzburg<\/td>\n<td>Mainaustr. 38, W\u00fcrzburg<\/td>\n<td>Training\u00a0<\/td>\n<\/tr>\n<tr>\n<td>06. Februar 2026<\/td>\n<td>17:30 Uhr<\/td>\n<td>Christophorusschule W\u00fcrzburg<\/td>\n<td>Mainaustr. 38, W\u00fcrzburg<\/td>\n<td>Training\u00a0<\/td>\n<\/tr>\n<tr>\n<td>20. Februar 2026 &#8211; Faschingsferien, Training nur nach Absprache<\/td>\n<td>17:30 Uhr<\/td>\n<td>Kunstrasenplatz Veitsh\u00f6chheim<\/td>\n<td>G\u00fcnterslebenerstr. 57, Veitsh\u00f6chheim<\/td>\n<td>Training &#8211; nur nach Absprache<\/td>\n<\/tr>\n<tr>\n<td>08. M\u00e4rz 2026<\/td>\n<td>11:00 Uhr<\/td>\n<td>Offenbach\/Main<\/td>\n<td><\/td>\n<td>Turnier beim Team Bananenflanke Offenbach<\/td>\n<\/tr>\n<tr>\n<td>13. M\u00e4rz 2026<\/td>\n<td>17.00 Uhr<\/td>\n<td>\n<p>Kunstrasenplatz Veitsh\u00f6chheim<\/p>\n<\/td>\n<td>G\u00fcnterslebenerstr. 57, Veitsh\u00f6chheim<\/td>\n<td>\u00a0Training<\/td>\n<\/tr>\n<tr>\n<td>\n<p><strong>ACHTUNG! ORT und ZEIT ge\u00e4ndert!<\/strong><\/p>\n<p>27. M\u00e4rz 2026<\/p>\n<p>&nbsp;<\/p>\n<\/td>\n<td><strong>17.30<\/strong> Uhr<\/td>\n<td>\n<p>Christophorusschule W\u00fcrzburg<\/p>\n<\/td>\n<td>Mainaustr. 38, W\u00fcrzburg\u00a0<\/td>\n<td>Training<\/td>\n<\/tr>\n<tr>\n<td>Weitere Termine nach Absprache mit unserem Trainerteam!<\/td>\n<td><\/td>\n<td><\/td>\n<td><\/td>\n<td><\/td>\n<\/tr>\n<tr>\n<td><\/td>\n<td><\/td>\n<td><\/td>\n<td><\/td>\n<td><\/td>\n<\/tr>\n<tr>\n<td><\/td>\n<td><\/td>\n<td><\/td>\n<td><\/td>\n<td><\/td>\n<\/tr>\n<tr>\n<td>\n<p><strong>Ausblick: <\/strong>Im <strong>Mai<\/strong> sind wir in Aschaffenburg eingeladen, der genaue Termin wird bekannt gegeben.\u00a0<\/p>\n<p>&nbsp;<\/p>\n<\/td>\n<\/tr>\n<\/tbody>\n<\/table>\n<p>\u00a0 \u00a0\u00a0An den <strong>Freitagen 06. und 20. M\u00e4rz 2026<\/strong> findet <strong>Ballsport von Annettes Kinderturnen<\/strong> statt. Weitere Infos unter\u00a0<a href=\"https:\/\/www.annettes-kinderturnen-ev.com\/\">https:\/\/www.annettes-kinderturnen-ev.com\/<\/a>\u00a0<\/p>\n<p>&nbsp;<\/p>\n<p data-start=\"564\" data-end=\"760\" class=\"\">\ud83d\udce2 <strong data-start=\"567\" data-end=\"601\">Bleib&#8216; immer auf dem Laufenden!<\/strong><br data-start=\"601\" data-end=\"604\" \/> Unsere Spieltermine werden regelm\u00e4\u00dfig aktualisiert. Schau also gerne \u00f6fter vorbei oder folge uns auf unseren Social-Media-Kan\u00e4len, um nichts zu verpassen!<\/p>\n<p>&nbsp;<\/p>\n<p data-start=\"762\" data-end=\"815\" class=\"\">\ud83d\udce9 <strong data-start=\"765\" data-end=\"790\">Fragen zum Spielplan?<\/strong> Kontaktiere uns gerne!<\/p>\n<p>[\/et_pb_text][\/et_pb_column][\/et_pb_row][\/et_pb_section]<\/p>\n","protected":false},"excerpt":{"rendered":"<p>[et_pb_section fb_built=&#8220;1&#8243; fullwidth=&#8220;on&#8220; _builder_version=&#8220;4.7.6&#8243; _module_preset=&#8220;default&#8220;][et_pb_fullwidth_slider _builder_version=&#8220;4.7.6&#8243; _module_preset=&#8220;default&#8220; min_height=&#8220;550px&#8220; height=&#8220;500px&#8220; max_height=&#8220;500px&#8220;][et_pb_slide _builder_version=&#8220;4.7.6&#8243; _module_preset=&#8220;default&#8220; background_enable_color=&#8220;off&#8220; background_image=&#8220;https:\/\/teambananenflanke.de\/wuerzburg\/wp-content\/uploads\/2025\/04\/wuerzburg-1024&#215;352.jpg&#8220; background_enable_image=&#8220;on&#8220; background_size=&#8220;contain&#8220; sticky_transition=&#8220;on&#8220;][\/et_pb_slide][\/et_pb_fullwidth_slider][\/et_pb_section][et_pb_section fb_built=&#8220;1&#8243; admin_label=&#8220;section&#8220; _builder_version=&#8220;3.22&#8243;][et_pb_row admin_label=&#8220;row&#8220; _builder_version=&#8220;3.25&#8243; background_size=&#8220;initial&#8220; background_position=&#8220;top_left&#8220; background_repeat=&#8220;repeat&#8220;][et_pb_column type=&#8220;4_4&#8243; _builder_version=&#8220;3.25&#8243; custom_padding=&#8220;|||&#8220; custom_padding__hover=&#8220;|||&#8220;][et_pb_text admin_label=&#8220;Text&#8220; _builder_version=&#8220;4.7.6&#8243; background_size=&#8220;initial&#8220; background_position=&#8220;top_left&#8220; background_repeat=&#8220;repeat&#8220;] Trainings- und Spielplan &nbsp; Hier findest du die n\u00e4chsten\u00a0anstehenden Trainingstermine, Spiele und Turniere unseres Teams! Beim Team Bananenflanke W\u00fcrzburg geht es [&hellip;]<\/p>\n","protected":false},"author":1,"featured_media":0,"parent":0,"menu_order":0,"comment_status":"closed","ping_status":"closed","template":"","meta":{"_et_pb_use_builder":"on","_et_pb_old_content":"<!-- wp:paragraph -->\r\n<p>Dies ist eine Beispiel-Seite. Sie unterscheidet sich von Beitr\u00e4gen, da sie stets an derselben Stelle bleibt und (bei den meisten Themes) in der Website-Navigation angezeigt wird. Die meisten starten mit einem Impressum, der Datenschutzerkl\u00e4rung oder einer \u201e\u00dcber\u00a0uns\u201c-Seite, um sich potenziellen Besuchern der Website vorzustellen. Dort k\u00f6nnte zum Beispiel stehen:<\/p>\r\n<!-- \/wp:paragraph -->\r\n\r\n<!-- wp:quote -->\r\n<blockquote class=\"wp-block-quote\"><p>Hallo! Tags\u00fcber arbeite ich als Fahrradkurier, nachts bin ich ein aufstrebender Schauspieler und dies hier ist meine Website. Ich lebe in Berlin, habe einen gro\u00dfen Hund namens Jack, mag Pi\u00f1a Coladas, jedoch weniger (ohne Schirm) im Regen stehen gelassen zu werden.<\/p><\/blockquote>\r\n<!-- \/wp:quote -->\r\n\r\n<!-- wp:paragraph -->\r\n<p>...\u00a0oder so etwas wie:<\/p>\r\n<!-- \/wp:paragraph -->\r\n\r\n<!-- wp:quote -->\r\n<blockquote class=\"wp-block-quote\"><p>Das Unternehmen XYZ wurde 1971 gegr\u00fcndet und versorgt die \u00d6ffentlichkeit seither mit qualitativ hochwertigen Produkten. An seinem Standort in einer kleinen Gro\u00dfstadt besch\u00e4ftigt der Betrieb \u00fcber 2.000 Menschen und unterst\u00fctzt die Stadtbewohner in vielfacher Hinsicht.<\/p><\/blockquote>\r\n<!-- \/wp:quote -->\r\n\r\n<!-- wp:paragraph -->\r\n<p>Als neuer WordPress-Benutzer solltest du <a href=\"https:\/\/teambananenflanke.de\/wuerzburg\/wp-admin\/\">dein Dashboard<\/a> aufrufen, um diese Seite zu l\u00f6schen und neue Seiten und Beitr\u00e4ge f\u00fcr deine Website erstellen. Viel Spa\u00df!<\/p>\r\n<!-- \/wp:paragraph -->","_et_gb_content_width":"","footnotes":""},"class_list":["post-33","page","type-page","status-publish","hentry"],"yoast_head":"<!-- This site is optimized with the Yoast SEO plugin v26.5 - https:\/\/yoast.com\/wordpress\/plugins\/seo\/ -->\n<title>Spielplan - Team Bananenflanke\u00ae W\u00fcrzburg e.V.<\/title>\n<meta name=\"description\" content=\"Alle Spiele, Trainings und Termine des Team Bananenflanke W\u00fcrzburg im \u00dcberblick. Jetzt informieren und vorbeikommen!\" \/>\n<meta name=\"robots\" content=\"index, follow, max-snippet:-1, max-image-preview:large, max-video-preview:-1\" \/>\n<link rel=\"canonical\" href=\"https:\/\/team-bananenflanke.de\/wuerzburg\/spielplan\/\" \/>\n<meta property=\"og:locale\" content=\"de_DE\" \/>\n<meta property=\"og:type\" content=\"article\" \/>\n<meta property=\"og:title\" content=\"Spielplan - Team Bananenflanke\u00ae W\u00fcrzburg e.V.\" \/>\n<meta property=\"og:description\" content=\"Alle Spiele, Trainings und Termine des Team Bananenflanke W\u00fcrzburg im \u00dcberblick. Jetzt informieren und vorbeikommen!\" \/>\n<meta property=\"og:url\" content=\"https:\/\/team-bananenflanke.de\/wuerzburg\/spielplan\/\" \/>\n<meta property=\"og:site_name\" content=\"Team Bananenflanke\u00ae W\u00fcrzburg e.V.\" \/>\n<meta property=\"article:modified_time\" content=\"2026-03-25T14:26:31+00:00\" \/>\n<meta name=\"twitter:card\" content=\"summary_large_image\" \/>\n<meta name=\"twitter:label1\" content=\"Gesch\u00e4tzte Lesezeit\" \/>\n\t<meta name=\"twitter:data1\" content=\"2\u00a0Minuten\" \/>\n<script type=\"application\/ld+json\" class=\"yoast-schema-graph\">{\"@context\":\"https:\/\/schema.org\",\"@graph\":[{\"@type\":\"WebPage\",\"@id\":\"https:\/\/team-bananenflanke.de\/wuerzburg\/spielplan\/\",\"url\":\"https:\/\/team-bananenflanke.de\/wuerzburg\/spielplan\/\",\"name\":\"Spielplan - Team Bananenflanke\u00ae W\u00fcrzburg e.V.\",\"isPartOf\":{\"@id\":\"https:\/\/team-bananenflanke.de\/wuerzburg\/#website\"},\"datePublished\":\"2025-04-03T14:28:14+00:00\",\"dateModified\":\"2026-03-25T14:26:31+00:00\",\"description\":\"Alle Spiele, Trainings und Termine des Team Bananenflanke W\u00fcrzburg im \u00dcberblick. Jetzt informieren und vorbeikommen!\",\"breadcrumb\":{\"@id\":\"https:\/\/team-bananenflanke.de\/wuerzburg\/spielplan\/#breadcrumb\"},\"inLanguage\":\"de\",\"potentialAction\":[{\"@type\":\"ReadAction\",\"target\":[\"https:\/\/team-bananenflanke.de\/wuerzburg\/spielplan\/\"]}]},{\"@type\":\"BreadcrumbList\",\"@id\":\"https:\/\/team-bananenflanke.de\/wuerzburg\/spielplan\/#breadcrumb\",\"itemListElement\":[{\"@type\":\"ListItem\",\"position\":1,\"name\":\"Startseite\",\"item\":\"https:\/\/team-bananenflanke.de\/wuerzburg\/\"},{\"@type\":\"ListItem\",\"position\":2,\"name\":\"Spielplan\"}]},{\"@type\":\"WebSite\",\"@id\":\"https:\/\/team-bananenflanke.de\/wuerzburg\/#website\",\"url\":\"https:\/\/team-bananenflanke.de\/wuerzburg\/\",\"name\":\"Team Bananenflanke\u00ae W\u00fcrzburg e.V.\",\"description\":\"Fu\u00dfball kennt keine Grenzen!\",\"potentialAction\":[{\"@type\":\"SearchAction\",\"target\":{\"@type\":\"EntryPoint\",\"urlTemplate\":\"https:\/\/team-bananenflanke.de\/wuerzburg\/?s={search_term_string}\"},\"query-input\":{\"@type\":\"PropertyValueSpecification\",\"valueRequired\":true,\"valueName\":\"search_term_string\"}}],\"inLanguage\":\"de\"}]}<\/script>\n<!-- \/ Yoast SEO plugin. -->","yoast_head_json":{"title":"Spielplan - Team Bananenflanke\u00ae W\u00fcrzburg e.V.","description":"Alle Spiele, Trainings und Termine des Team Bananenflanke W\u00fcrzburg im \u00dcberblick. Jetzt informieren und vorbeikommen!","robots":{"index":"index","follow":"follow","max-snippet":"max-snippet:-1","max-image-preview":"max-image-preview:large","max-video-preview":"max-video-preview:-1"},"canonical":"https:\/\/team-bananenflanke.de\/wuerzburg\/spielplan\/","og_locale":"de_DE","og_type":"article","og_title":"Spielplan - Team Bananenflanke\u00ae W\u00fcrzburg e.V.","og_description":"Alle Spiele, Trainings und Termine des Team Bananenflanke W\u00fcrzburg im \u00dcberblick. Jetzt informieren und vorbeikommen!","og_url":"https:\/\/team-bananenflanke.de\/wuerzburg\/spielplan\/","og_site_name":"Team Bananenflanke\u00ae W\u00fcrzburg e.V.","article_modified_time":"2026-03-25T14:26:31+00:00","twitter_card":"summary_large_image","twitter_misc":{"Gesch\u00e4tzte Lesezeit":"2\u00a0Minuten"},"schema":{"@context":"https:\/\/schema.org","@graph":[{"@type":"WebPage","@id":"https:\/\/team-bananenflanke.de\/wuerzburg\/spielplan\/","url":"https:\/\/team-bananenflanke.de\/wuerzburg\/spielplan\/","name":"Spielplan - Team Bananenflanke\u00ae W\u00fcrzburg e.V.","isPartOf":{"@id":"https:\/\/team-bananenflanke.de\/wuerzburg\/#website"},"datePublished":"2025-04-03T14:28:14+00:00","dateModified":"2026-03-25T14:26:31+00:00","description":"Alle Spiele, Trainings und Termine des Team Bananenflanke W\u00fcrzburg im \u00dcberblick. Jetzt informieren und vorbeikommen!","breadcrumb":{"@id":"https:\/\/team-bananenflanke.de\/wuerzburg\/spielplan\/#breadcrumb"},"inLanguage":"de","potentialAction":[{"@type":"ReadAction","target":["https:\/\/team-bananenflanke.de\/wuerzburg\/spielplan\/"]}]},{"@type":"BreadcrumbList","@id":"https:\/\/team-bananenflanke.de\/wuerzburg\/spielplan\/#breadcrumb","itemListElement":[{"@type":"ListItem","position":1,"name":"Startseite","item":"https:\/\/team-bananenflanke.de\/wuerzburg\/"},{"@type":"ListItem","position":2,"name":"Spielplan"}]},{"@type":"WebSite","@id":"https:\/\/team-bananenflanke.de\/wuerzburg\/#website","url":"https:\/\/team-bananenflanke.de\/wuerzburg\/","name":"Team Bananenflanke\u00ae W\u00fcrzburg e.V.","description":"Fu\u00dfball kennt keine Grenzen!","potentialAction":[{"@type":"SearchAction","target":{"@type":"EntryPoint","urlTemplate":"https:\/\/team-bananenflanke.de\/wuerzburg\/?s={search_term_string}"},"query-input":{"@type":"PropertyValueSpecification","valueRequired":true,"valueName":"search_term_string"}}],"inLanguage":"de"}]}},"_links":{"self":[{"href":"https:\/\/team-bananenflanke.de\/wuerzburg\/wp-json\/wp\/v2\/pages\/33","targetHints":{"allow":["GET"]}}],"collection":[{"href":"https:\/\/team-bananenflanke.de\/wuerzburg\/wp-json\/wp\/v2\/pages"}],"about":[{"href":"https:\/\/team-bananenflanke.de\/wuerzburg\/wp-json\/wp\/v2\/types\/page"}],"author":[{"embeddable":true,"href":"https:\/\/team-bananenflanke.de\/wuerzburg\/wp-json\/wp\/v2\/users\/1"}],"replies":[{"embeddable":true,"href":"https:\/\/team-bananenflanke.de\/wuerzburg\/wp-json\/wp\/v2\/comments?post=33"}],"version-history":[{"count":16,"href":"https:\/\/team-bananenflanke.de\/wuerzburg\/wp-json\/wp\/v2\/pages\/33\/revisions"}],"predecessor-version":[{"id":158,"href":"https:\/\/team-bananenflanke.de\/wuerzburg\/wp-json\/wp\/v2\/pages\/33\/revisions\/158"}],"wp:attachment":[{"href":"https:\/\/team-bananenflanke.de\/wuerzburg\/wp-json\/wp\/v2\/media?parent=33"}],"curies":[{"name":"wp","href":"https:\/\/api.w.org\/{rel}","templated":true}]}}