{"id":23,"date":"2023-06-28T11:57:57","date_gmt":"2023-06-28T09:57:57","guid":{"rendered":"https:\/\/teambananenflanke.de\/ulm\/?page_id=23"},"modified":"2026-02-24T22:53:36","modified_gmt":"2026-02-24T21:53:36","slug":"sei-dabei","status":"publish","type":"page","link":"https:\/\/team-bananenflanke.de\/ulm\/sei-dabei\/","title":{"rendered":"Sei dabei!"},"content":{"rendered":"[et_pb_section fb_built=&#8220;1&#8243; fullwidth=&#8220;on&#8220; _builder_version=&#8220;4.7.6&#8243; _module_preset=&#8220;default&#8220;][et_pb_fullwidth_image src=&#8220;https:\/\/team-bananenflanke.de\/ulm\/wp-content\/uploads\/2026\/02\/slider_ulm.jpg&#8220; title_text=&#8220;slider_ulm&#8220; _builder_version=&#8220;4.7.6&#8243; _module_preset=&#8220;default&#8220;][\/et_pb_fullwidth_image][\/et_pb_section][et_pb_section fb_built=&#8220;1&#8243; admin_label=&#8220;section&#8220; _builder_version=&#8220;3.22&#8243;][et_pb_row admin_label=&#8220;row&#8220; _builder_version=&#8220;3.25&#8243; background_size=&#8220;initial&#8220; background_position=&#8220;top_left&#8220; background_repeat=&#8220;repeat&#8220;][et_pb_column type=&#8220;4_4&#8243; _builder_version=&#8220;3.25&#8243; custom_padding=&#8220;|||&#8220; custom_padding__hover=&#8220;|||&#8220;][et_pb_text admin_label=&#8220;Text&#8220; _builder_version=&#8220;4.7.6&#8243; background_size=&#8220;initial&#8220; background_position=&#8220;top_left&#8220; background_repeat=&#8220;repeat&#8220;]<h1><strong>Sei dabei!<\/strong><\/h1>\n<p><span>Das Training findet (au\u00dfer in den Ferien) immer\u00a0<\/span><strong>Samstags<span>\u00a0<\/span><\/strong><span>auf dem Gel\u00e4nde des Heilp\u00e4dagogischen Zentrums Lindenhofschule in Senden an der Iller\u00a0statt.<\/span><br \/><span>Sobald das Wetter drau\u00dfen zu kalt wird, ziehen wir in die angrenzende Sporthalle um.<\/span><br \/><span>Unser\/e professionelle\/r Trainer\/in gibt sein\/ihr Bestes, alle Spieler, unabh\u00e4ngig von Art und St\u00e4rke der Behinderung, in die Mannschaft und in das Training zu integrieren.<\/span><\/p>\n<p><span>Ihr habt Interesse, bei uns mitzuspielen? Kein Problem. Kommt gerne zu einem Probetraining vorbei und findet dabei heraus, ob es euch bei uns gef\u00e4llt und ihr dauerhaft mitmachen und der n\u00e4chste Fu\u00dfballheld werden m\u00f6chtet.<\/span><\/p>\n<p><\/p>[\/et_pb_text][\/et_pb_column][\/et_pb_row][\/et_pb_section]<!-- \/wp:post-content -->","protected":false},"excerpt":{"rendered":"<p>[et_pb_section fb_built=&#8220;1&#8243; fullwidth=&#8220;on&#8220; _builder_version=&#8220;4.7.6&#8243; _module_preset=&#8220;default&#8220;][et_pb_fullwidth_image src=&#8220;https:\/\/team-bananenflanke.de\/ulm\/wp-content\/uploads\/2026\/02\/slider_ulm.jpg&#8220; title_text=&#8220;slider_ulm&#8220; _builder_version=&#8220;4.7.6&#8243; _module_preset=&#8220;default&#8220;][\/et_pb_fullwidth_image][\/et_pb_section][et_pb_section fb_built=&#8220;1&#8243; admin_label=&#8220;section&#8220; _builder_version=&#8220;3.22&#8243;][et_pb_row admin_label=&#8220;row&#8220; _builder_version=&#8220;3.25&#8243; background_size=&#8220;initial&#8220; background_position=&#8220;top_left&#8220; background_repeat=&#8220;repeat&#8220;][et_pb_column type=&#8220;4_4&#8243; _builder_version=&#8220;3.25&#8243; custom_padding=&#8220;|||&#8220; custom_padding__hover=&#8220;|||&#8220;][et_pb_text admin_label=&#8220;Text&#8220; _builder_version=&#8220;4.7.6&#8243; background_size=&#8220;initial&#8220; background_position=&#8220;top_left&#8220; background_repeat=&#8220;repeat&#8220;] Sei dabei! Das Training findet (au\u00dfer in den Ferien) immer\u00a0Samstags\u00a0auf dem Gel\u00e4nde des Heilp\u00e4dagogischen Zentrums Lindenhofschule in Senden an der Iller\u00a0statt.Sobald das Wetter drau\u00dfen zu kalt wird, ziehen wir [&hellip;]<\/p>\n","protected":false},"author":1,"featured_media":0,"parent":0,"menu_order":0,"comment_status":"closed","ping_status":"closed","template":"","meta":{"_et_pb_use_builder":"on","_et_pb_old_content":"<!-- wp:paragraph -->\n<p>Dies ist eine Beispiel-Seite. Sie unterscheidet sich von Beitr\u00e4gen, da sie stets an derselben Stelle bleibt und (bei den meisten Themes) in der Website-Navigation angezeigt wird. Die meisten starten mit einem Impressum, der Datenschutzerkl\u00e4rung oder einer \u201e\u00dcber\u00a0uns\u201c-Seite, um sich potenziellen Besuchern der Website vorzustellen. Dort k\u00f6nnte zum Beispiel stehen:<\/p>\n<!-- \/wp:paragraph -->\n\n<!-- wp:quote -->\n<blockquote class=\"wp-block-quote\"><p>Hallo! Tags\u00fcber arbeite ich als Fahrradkurier, nachts bin ich ein aufstrebender Schauspieler und dies hier ist meine Website. Ich lebe in Berlin, habe einen gro\u00dfen Hund namens Jack, mag Pi&#241;a Coladas, jedoch weniger (ohne Schirm) im Regen stehen gelassen zu werden.<\/p><\/blockquote>\n<!-- \/wp:quote -->\n\n<!-- wp:paragraph -->\n<p>...\u00a0oder so etwas wie:<\/p>\n<!-- \/wp:paragraph -->\n\n<!-- wp:quote -->\n<blockquote class=\"wp-block-quote\"><p>Das Unternehmen XYZ wurde 1971 gegr\u00fcndet und versorgt die \u00d6ffentlichkeit seither mit qualitativ hochwertigen Produkten. An seinem Standort in einer kleinen Gro\u00dfstadt besch\u00e4ftigt der Betrieb \u00fcber 2.000 Menschen und unterst\u00fctzt die Stadtbewohner in vielfacher Hinsicht.<\/p><\/blockquote>\n<!-- \/wp:quote -->\n\n<!-- wp:paragraph -->\n<p>Als neuer WordPress-Benutzer solltest du <a href=\"https:\/\/teambananenflanke.de\/ulm\/wp-admin\/\">dein Dashboard<\/a> aufrufen, um diese Seite zu l\u00f6schen und neue Seiten und Beitr\u00e4ge f\u00fcr deine Website erstellen. Viel Spa\u00df!<\/p>\n<!-- \/wp:paragraph -->","_et_gb_content_width":"","footnotes":""},"class_list":["post-23","page","type-page","status-publish","hentry"],"yoast_head":"<!-- This site is optimized with the Yoast SEO plugin v27.4 - https:\/\/yoast.com\/product\/yoast-seo-wordpress\/ -->\n<title>Sei dabei! - Team Bananenflanke\u00ae Ulm e.V.<\/title>\n<meta name=\"description\" content=\"Werden Sie Teil des Team Bananenflanke Ulm e.V. \u2013 Informationen zur Teilnahme, Anmeldung und Engagement erh\u00e4ltst du hier.\" \/>\n<meta name=\"robots\" content=\"index, follow, max-snippet:-1, max-image-preview:large, max-video-preview:-1\" \/>\n<link rel=\"canonical\" href=\"https:\/\/team-bananenflanke.de\/ulm\/sei-dabei\/\" \/>\n<meta property=\"og:locale\" content=\"de_DE\" \/>\n<meta property=\"og:type\" content=\"article\" \/>\n<meta property=\"og:title\" content=\"Sei dabei! - Team Bananenflanke\u00ae Ulm e.V.\" \/>\n<meta property=\"og:description\" content=\"Werden Sie Teil des Team Bananenflanke Ulm e.V. \u2013 Informationen zur Teilnahme, Anmeldung und Engagement erh\u00e4ltst du hier.\" \/>\n<meta property=\"og:url\" content=\"https:\/\/team-bananenflanke.de\/ulm\/sei-dabei\/\" \/>\n<meta property=\"og:site_name\" content=\"Team Bananenflanke\u00ae Ulm e.V.\" \/>\n<meta property=\"article:modified_time\" content=\"2026-02-24T21:53:36+00:00\" \/>\n<meta name=\"twitter:card\" content=\"summary_large_image\" \/>\n<meta name=\"twitter:label1\" content=\"Gesch\u00e4tzte Lesezeit\" \/>\n\t<meta name=\"twitter:data1\" content=\"1\u00a0Minute\" \/>\n<script type=\"application\/ld+json\" class=\"yoast-schema-graph\">{\"@context\":\"https:\\\/\\\/schema.org\",\"@graph\":[{\"@type\":\"WebPage\",\"@id\":\"https:\\\/\\\/team-bananenflanke.de\\\/ulm\\\/sei-dabei\\\/\",\"url\":\"https:\\\/\\\/team-bananenflanke.de\\\/ulm\\\/sei-dabei\\\/\",\"name\":\"Sei dabei! - Team Bananenflanke\u00ae Ulm e.V.\",\"isPartOf\":{\"@id\":\"https:\\\/\\\/team-bananenflanke.de\\\/ulm\\\/#website\"},\"datePublished\":\"2023-06-28T09:57:57+00:00\",\"dateModified\":\"2026-02-24T21:53:36+00:00\",\"description\":\"Werden Sie Teil des Team Bananenflanke Ulm e.V. \u2013 Informationen zur Teilnahme, Anmeldung und Engagement erh\u00e4ltst du hier.\",\"breadcrumb\":{\"@id\":\"https:\\\/\\\/team-bananenflanke.de\\\/ulm\\\/sei-dabei\\\/#breadcrumb\"},\"inLanguage\":\"de\",\"potentialAction\":[{\"@type\":\"ReadAction\",\"target\":[\"https:\\\/\\\/team-bananenflanke.de\\\/ulm\\\/sei-dabei\\\/\"]}]},{\"@type\":\"BreadcrumbList\",\"@id\":\"https:\\\/\\\/team-bananenflanke.de\\\/ulm\\\/sei-dabei\\\/#breadcrumb\",\"itemListElement\":[{\"@type\":\"ListItem\",\"position\":1,\"name\":\"Startseite\",\"item\":\"https:\\\/\\\/team-bananenflanke.de\\\/ulm\\\/\"},{\"@type\":\"ListItem\",\"position\":2,\"name\":\"Sei dabei!\"}]},{\"@type\":\"WebSite\",\"@id\":\"https:\\\/\\\/team-bananenflanke.de\\\/ulm\\\/#website\",\"url\":\"https:\\\/\\\/team-bananenflanke.de\\\/ulm\\\/\",\"name\":\"Team Bananenflanke\u00ae Ulm e.V.\",\"description\":\"Fu\u00dfball kennt keine Grenzen!\",\"potentialAction\":[{\"@type\":\"SearchAction\",\"target\":{\"@type\":\"EntryPoint\",\"urlTemplate\":\"https:\\\/\\\/team-bananenflanke.de\\\/ulm\\\/?s={search_term_string}\"},\"query-input\":{\"@type\":\"PropertyValueSpecification\",\"valueRequired\":true,\"valueName\":\"search_term_string\"}}],\"inLanguage\":\"de\"}]}<\/script>\n<!-- \/ Yoast SEO plugin. -->","yoast_head_json":{"title":"Sei dabei! - Team Bananenflanke\u00ae Ulm e.V.","description":"Werden Sie Teil des Team Bananenflanke Ulm e.V. \u2013 Informationen zur Teilnahme, Anmeldung und Engagement erh\u00e4ltst du hier.","robots":{"index":"index","follow":"follow","max-snippet":"max-snippet:-1","max-image-preview":"max-image-preview:large","max-video-preview":"max-video-preview:-1"},"canonical":"https:\/\/team-bananenflanke.de\/ulm\/sei-dabei\/","og_locale":"de_DE","og_type":"article","og_title":"Sei dabei! - Team Bananenflanke\u00ae Ulm e.V.","og_description":"Werden Sie Teil des Team Bananenflanke Ulm e.V. \u2013 Informationen zur Teilnahme, Anmeldung und Engagement erh\u00e4ltst du hier.","og_url":"https:\/\/team-bananenflanke.de\/ulm\/sei-dabei\/","og_site_name":"Team Bananenflanke\u00ae Ulm e.V.","article_modified_time":"2026-02-24T21:53:36+00:00","twitter_card":"summary_large_image","twitter_misc":{"Gesch\u00e4tzte Lesezeit":"1\u00a0Minute"},"schema":{"@context":"https:\/\/schema.org","@graph":[{"@type":"WebPage","@id":"https:\/\/team-bananenflanke.de\/ulm\/sei-dabei\/","url":"https:\/\/team-bananenflanke.de\/ulm\/sei-dabei\/","name":"Sei dabei! - Team Bananenflanke\u00ae Ulm e.V.","isPartOf":{"@id":"https:\/\/team-bananenflanke.de\/ulm\/#website"},"datePublished":"2023-06-28T09:57:57+00:00","dateModified":"2026-02-24T21:53:36+00:00","description":"Werden Sie Teil des Team Bananenflanke Ulm e.V. \u2013 Informationen zur Teilnahme, Anmeldung und Engagement erh\u00e4ltst du hier.","breadcrumb":{"@id":"https:\/\/team-bananenflanke.de\/ulm\/sei-dabei\/#breadcrumb"},"inLanguage":"de","potentialAction":[{"@type":"ReadAction","target":["https:\/\/team-bananenflanke.de\/ulm\/sei-dabei\/"]}]},{"@type":"BreadcrumbList","@id":"https:\/\/team-bananenflanke.de\/ulm\/sei-dabei\/#breadcrumb","itemListElement":[{"@type":"ListItem","position":1,"name":"Startseite","item":"https:\/\/team-bananenflanke.de\/ulm\/"},{"@type":"ListItem","position":2,"name":"Sei dabei!"}]},{"@type":"WebSite","@id":"https:\/\/team-bananenflanke.de\/ulm\/#website","url":"https:\/\/team-bananenflanke.de\/ulm\/","name":"Team Bananenflanke\u00ae Ulm e.V.","description":"Fu\u00dfball kennt keine Grenzen!","potentialAction":[{"@type":"SearchAction","target":{"@type":"EntryPoint","urlTemplate":"https:\/\/team-bananenflanke.de\/ulm\/?s={search_term_string}"},"query-input":{"@type":"PropertyValueSpecification","valueRequired":true,"valueName":"search_term_string"}}],"inLanguage":"de"}]}},"_links":{"self":[{"href":"https:\/\/team-bananenflanke.de\/ulm\/wp-json\/wp\/v2\/pages\/23","targetHints":{"allow":["GET"]}}],"collection":[{"href":"https:\/\/team-bananenflanke.de\/ulm\/wp-json\/wp\/v2\/pages"}],"about":[{"href":"https:\/\/team-bananenflanke.de\/ulm\/wp-json\/wp\/v2\/types\/page"}],"author":[{"embeddable":true,"href":"https:\/\/team-bananenflanke.de\/ulm\/wp-json\/wp\/v2\/users\/1"}],"replies":[{"embeddable":true,"href":"https:\/\/team-bananenflanke.de\/ulm\/wp-json\/wp\/v2\/comments?post=23"}],"version-history":[{"count":6,"href":"https:\/\/team-bananenflanke.de\/ulm\/wp-json\/wp\/v2\/pages\/23\/revisions"}],"predecessor-version":[{"id":336,"href":"https:\/\/team-bananenflanke.de\/ulm\/wp-json\/wp\/v2\/pages\/23\/revisions\/336"}],"wp:attachment":[{"href":"https:\/\/team-bananenflanke.de\/ulm\/wp-json\/wp\/v2\/media?parent=23"}],"curies":[{"name":"wp","href":"https:\/\/api.w.org\/{rel}","templated":true}]}}