{"id":18,"date":"2023-06-28T11:54:16","date_gmt":"2023-06-28T09:54:16","guid":{"rendered":"https:\/\/teambananenflanke.de\/ulm\/?page_id=18"},"modified":"2026-02-11T21:02:42","modified_gmt":"2026-02-11T20:02:42","slug":"ueber-uns","status":"publish","type":"page","link":"https:\/\/team-bananenflanke.de\/ulm\/ueber-uns\/","title":{"rendered":"\u00dcber uns"},"content":{"rendered":"<p>[et_pb_section fb_built=&#8220;1&#8243; fullwidth=&#8220;on&#8220; _builder_version=&#8220;4.7.6&#8243; _module_preset=&#8220;default&#8220;][et_pb_fullwidth_image src=&#8220;https:\/\/team-bananenflanke.de\/ulm\/wp-content\/uploads\/2026\/02\/slider_ulm.jpg&#8220; _builder_version=&#8220;4.7.6&#8243; _module_preset=&#8220;default&#8220; title_text=&#8220;slider_ulm&#8220; src_last_edited=&#8220;on|tablet&#8220; hover_enabled=&#8220;0&#8243; sticky_enabled=&#8220;0&#8243;][\/et_pb_fullwidth_image][\/et_pb_section][et_pb_section fb_built=&#8220;1&#8243; admin_label=&#8220;section&#8220; _builder_version=&#8220;3.22&#8243;][et_pb_row column_structure=&#8220;2_3,1_3&#8243; admin_label=&#8220;row&#8220; _builder_version=&#8220;3.25&#8243; background_size=&#8220;initial&#8220; background_position=&#8220;top_left&#8220; background_repeat=&#8220;repeat&#8220;][et_pb_column type=&#8220;2_3&#8243; _builder_version=&#8220;3.25&#8243; custom_padding=&#8220;|||&#8220; custom_padding__hover=&#8220;|||&#8220;][et_pb_text admin_label=&#8220;Text&#8220; _builder_version=&#8220;4.7.6&#8243; background_size=&#8220;initial&#8220; background_position=&#8220;top_left&#8220; background_repeat=&#8220;repeat&#8220;]<\/p>\n<h1><strong>\u00dcber uns<\/strong><\/h1>\n<p>Das Team Bananenflanke Ulm e.V. ist ein innovatives Fu\u00dfballprojekt speziell f\u00fcr Kinder mit einer k\u00f6rperlichen oder geistigen Beeintr\u00e4chtigung. Im Vordergrund steht hierbei der Fu\u00dfball, doch dahinter noch wesentlich mehr:<\/p>\n<p>Durch erlebnisp\u00e4dagogische Einfl\u00fcsse werden Emotionen geweckt, die dazu beitragen, Pers\u00f6nlichkeit und soziale Kompetenzen zu entwickeln. Das Vermitteln von Erfolgserlebnissen und der damit verbundene Aufbau eines positiven Selbstwertgef\u00fchls stehen dabei in unserem Mittelpunkt.<\/p>\n<p>Seit der Gr\u00fcndung im M\u00e4rz 2016 ist das Team Bananenflanke Ulm e.V. ein echtes Gemeinschaftsprojekt. Das revolution\u00e4re Ziel, beeintr\u00e4chtigten Kindern und Jugendlichen professionellen Fu\u00dfball zu erm\u00f6glichen fanden Andreas Ried und Stephan Biendl so gut, dass sie in enger Zusammenarbeit mit Sport Klamser, dem SSV Ulm 1846 Fu\u00dfball, dem FC Heidenheim und der Lebenshilfe Donau-Iller das Team Bananenflanke Ulm e.V. gr\u00fcndeten.<\/p>\n<p><!-- \/wp:freeform --><\/p>\n<p>[\/et_pb_text][et_pb_text admin_label=&#8220;Text&#8220; _builder_version=&#8220;4.7.6&#8243; background_size=&#8220;initial&#8220; background_position=&#8220;top_left&#8220; background_repeat=&#8220;repeat&#8220;]<\/p>\n<h1><strong>Die Vorstandschaft<\/strong><\/h1>\n<p><strong>1. Vorstand &#8211;<\/strong> Andreas Ried<br \/> <strong>2. Vorstand &#8211;<\/strong> Tanja Melter<br \/> <strong>Kassenwart &#8211;<\/strong> Stephan Biendl<\/p>\n<p><!-- \/wp:post-content --><\/p>\n<p>[\/et_pb_text][\/et_pb_column][et_pb_column type=&#8220;1_3&#8243; _builder_version=&#8220;3.25&#8243; custom_padding=&#8220;|||&#8220; custom_padding__hover=&#8220;|||&#8220;][et_pb_image src=&#8220;https:\/\/teambananenflanke.de\/ulm\/wp-content\/uploads\/2023\/06\/D2A9180-scaled.jpg&#8220; title_text=&#8220;_D2A9180&#8243; _builder_version=&#8220;4.7.6&#8243; _module_preset=&#8220;default&#8220;][\/et_pb_image][\/et_pb_column][\/et_pb_row][\/et_pb_section]<\/p>\n","protected":false},"excerpt":{"rendered":"<p>[et_pb_section fb_built=&#8220;1&#8243; fullwidth=&#8220;on&#8220; _builder_version=&#8220;4.7.6&#8243; _module_preset=&#8220;default&#8220;][et_pb_fullwidth_image src=&#8220;https:\/\/team-bananenflanke.de\/ulm\/wp-content\/uploads\/2026\/02\/slider_ulm.jpg&#8220; _builder_version=&#8220;4.7.6&#8243; _module_preset=&#8220;default&#8220; title_text=&#8220;slider_ulm&#8220; src_last_edited=&#8220;on|tablet&#8220; hover_enabled=&#8220;0&#8243; sticky_enabled=&#8220;0&#8243;][\/et_pb_fullwidth_image][\/et_pb_section][et_pb_section fb_built=&#8220;1&#8243; admin_label=&#8220;section&#8220; _builder_version=&#8220;3.22&#8243;][et_pb_row column_structure=&#8220;2_3,1_3&#8243; admin_label=&#8220;row&#8220; _builder_version=&#8220;3.25&#8243; background_size=&#8220;initial&#8220; background_position=&#8220;top_left&#8220; background_repeat=&#8220;repeat&#8220;][et_pb_column type=&#8220;2_3&#8243; _builder_version=&#8220;3.25&#8243; custom_padding=&#8220;|||&#8220; custom_padding__hover=&#8220;|||&#8220;][et_pb_text admin_label=&#8220;Text&#8220; _builder_version=&#8220;4.7.6&#8243; background_size=&#8220;initial&#8220; background_position=&#8220;top_left&#8220; background_repeat=&#8220;repeat&#8220;] \u00dcber uns Das Team Bananenflanke Ulm e.V. ist ein innovatives Fu\u00dfballprojekt speziell f\u00fcr Kinder mit einer k\u00f6rperlichen oder geistigen Beeintr\u00e4chtigung. Im Vordergrund steht hierbei der [&hellip;]<\/p>\n","protected":false},"author":1,"featured_media":0,"parent":0,"menu_order":0,"comment_status":"closed","ping_status":"closed","template":"","meta":{"_et_pb_use_builder":"on","_et_pb_old_content":"<!-- wp:paragraph -->\n<p>Dies ist eine Beispiel-Seite. Sie unterscheidet sich von Beitr\u00e4gen, da sie stets an derselben Stelle bleibt und (bei den meisten Themes) in der Website-Navigation angezeigt wird. Die meisten starten mit einem Impressum, der Datenschutzerkl\u00e4rung oder einer \u201e\u00dcber\u00a0uns\u201c-Seite, um sich potenziellen Besuchern der Website vorzustellen. Dort k\u00f6nnte zum Beispiel stehen:<\/p>\n<!-- \/wp:paragraph -->\n\n<!-- wp:quote -->\n<blockquote class=\"wp-block-quote\"><p>Hallo! Tags\u00fcber arbeite ich als Fahrradkurier, nachts bin ich ein aufstrebender Schauspieler und dies hier ist meine Website. Ich lebe in Berlin, habe einen gro\u00dfen Hund namens Jack, mag Pi&#241;a Coladas, jedoch weniger (ohne Schirm) im Regen stehen gelassen zu werden.<\/p><\/blockquote>\n<!-- \/wp:quote -->\n\n<!-- wp:paragraph -->\n<p>...\u00a0oder so etwas wie:<\/p>\n<!-- \/wp:paragraph -->\n\n<!-- wp:quote -->\n<blockquote class=\"wp-block-quote\"><p>Das Unternehmen XYZ wurde 1971 gegr\u00fcndet und versorgt die \u00d6ffentlichkeit seither mit qualitativ hochwertigen Produkten. An seinem Standort in einer kleinen Gro\u00dfstadt besch\u00e4ftigt der Betrieb \u00fcber 2.000 Menschen und unterst\u00fctzt die Stadtbewohner in vielfacher Hinsicht.<\/p><\/blockquote>\n<!-- \/wp:quote -->\n\n<!-- wp:paragraph -->\n<p>Als neuer WordPress-Benutzer solltest du <a href=\"https:\/\/teambananenflanke.de\/ulm\/wp-admin\/\">dein Dashboard<\/a> aufrufen, um diese Seite zu l\u00f6schen und neue Seiten und Beitr\u00e4ge f\u00fcr deine Website erstellen. Viel Spa\u00df!<\/p>\n<!-- \/wp:paragraph -->","_et_gb_content_width":"","footnotes":""},"class_list":["post-18","page","type-page","status-publish","hentry"],"yoast_head":"<!-- This site is optimized with the Yoast SEO plugin v27.4 - https:\/\/yoast.com\/product\/yoast-seo-wordpress\/ -->\n<title>\u00dcber uns - Team Bananenflanke\u00ae Ulm e.V.<\/title>\n<meta name=\"description\" content=\"Alles \u00fcber das Team Bananenflanke Ulm \u2013 unsere Geschichte, Mission, Werte und das engagierte Team dahinter.\" \/>\n<meta name=\"robots\" content=\"index, follow, max-snippet:-1, max-image-preview:large, max-video-preview:-1\" \/>\n<link rel=\"canonical\" href=\"https:\/\/team-bananenflanke.de\/ulm\/ueber-uns\/\" \/>\n<meta property=\"og:locale\" content=\"de_DE\" \/>\n<meta property=\"og:type\" content=\"article\" \/>\n<meta property=\"og:title\" content=\"\u00dcber uns - Team Bananenflanke\u00ae Ulm e.V.\" \/>\n<meta property=\"og:description\" content=\"Alles \u00fcber das Team Bananenflanke Ulm \u2013 unsere Geschichte, Mission, Werte und das engagierte Team dahinter.\" \/>\n<meta property=\"og:url\" content=\"https:\/\/team-bananenflanke.de\/ulm\/ueber-uns\/\" \/>\n<meta property=\"og:site_name\" content=\"Team Bananenflanke\u00ae Ulm e.V.\" \/>\n<meta property=\"article:modified_time\" content=\"2026-02-11T20:02:42+00:00\" \/>\n<meta name=\"twitter:card\" content=\"summary_large_image\" \/>\n<meta name=\"twitter:label1\" content=\"Gesch\u00e4tzte Lesezeit\" \/>\n\t<meta name=\"twitter:data1\" content=\"2\u00a0Minuten\" \/>\n<script type=\"application\/ld+json\" class=\"yoast-schema-graph\">{\"@context\":\"https:\\\/\\\/schema.org\",\"@graph\":[{\"@type\":\"WebPage\",\"@id\":\"https:\\\/\\\/team-bananenflanke.de\\\/ulm\\\/ueber-uns\\\/\",\"url\":\"https:\\\/\\\/team-bananenflanke.de\\\/ulm\\\/ueber-uns\\\/\",\"name\":\"\u00dcber uns - Team Bananenflanke\u00ae Ulm e.V.\",\"isPartOf\":{\"@id\":\"https:\\\/\\\/team-bananenflanke.de\\\/ulm\\\/#website\"},\"datePublished\":\"2023-06-28T09:54:16+00:00\",\"dateModified\":\"2026-02-11T20:02:42+00:00\",\"description\":\"Alles \u00fcber das Team Bananenflanke Ulm \u2013 unsere Geschichte, Mission, Werte und das engagierte Team dahinter.\",\"breadcrumb\":{\"@id\":\"https:\\\/\\\/team-bananenflanke.de\\\/ulm\\\/ueber-uns\\\/#breadcrumb\"},\"inLanguage\":\"de\",\"potentialAction\":[{\"@type\":\"ReadAction\",\"target\":[\"https:\\\/\\\/team-bananenflanke.de\\\/ulm\\\/ueber-uns\\\/\"]}]},{\"@type\":\"BreadcrumbList\",\"@id\":\"https:\\\/\\\/team-bananenflanke.de\\\/ulm\\\/ueber-uns\\\/#breadcrumb\",\"itemListElement\":[{\"@type\":\"ListItem\",\"position\":1,\"name\":\"Startseite\",\"item\":\"https:\\\/\\\/team-bananenflanke.de\\\/ulm\\\/\"},{\"@type\":\"ListItem\",\"position\":2,\"name\":\"\u00dcber uns\"}]},{\"@type\":\"WebSite\",\"@id\":\"https:\\\/\\\/team-bananenflanke.de\\\/ulm\\\/#website\",\"url\":\"https:\\\/\\\/team-bananenflanke.de\\\/ulm\\\/\",\"name\":\"Team Bananenflanke\u00ae Ulm e.V.\",\"description\":\"Fu\u00dfball kennt keine Grenzen!\",\"potentialAction\":[{\"@type\":\"SearchAction\",\"target\":{\"@type\":\"EntryPoint\",\"urlTemplate\":\"https:\\\/\\\/team-bananenflanke.de\\\/ulm\\\/?s={search_term_string}\"},\"query-input\":{\"@type\":\"PropertyValueSpecification\",\"valueRequired\":true,\"valueName\":\"search_term_string\"}}],\"inLanguage\":\"de\"}]}<\/script>\n<!-- \/ Yoast SEO plugin. -->","yoast_head_json":{"title":"\u00dcber uns - Team Bananenflanke\u00ae Ulm e.V.","description":"Alles \u00fcber das Team Bananenflanke Ulm \u2013 unsere Geschichte, Mission, Werte und das engagierte Team dahinter.","robots":{"index":"index","follow":"follow","max-snippet":"max-snippet:-1","max-image-preview":"max-image-preview:large","max-video-preview":"max-video-preview:-1"},"canonical":"https:\/\/team-bananenflanke.de\/ulm\/ueber-uns\/","og_locale":"de_DE","og_type":"article","og_title":"\u00dcber uns - Team Bananenflanke\u00ae Ulm e.V.","og_description":"Alles \u00fcber das Team Bananenflanke Ulm \u2013 unsere Geschichte, Mission, Werte und das engagierte Team dahinter.","og_url":"https:\/\/team-bananenflanke.de\/ulm\/ueber-uns\/","og_site_name":"Team Bananenflanke\u00ae Ulm e.V.","article_modified_time":"2026-02-11T20:02:42+00:00","twitter_card":"summary_large_image","twitter_misc":{"Gesch\u00e4tzte Lesezeit":"2\u00a0Minuten"},"schema":{"@context":"https:\/\/schema.org","@graph":[{"@type":"WebPage","@id":"https:\/\/team-bananenflanke.de\/ulm\/ueber-uns\/","url":"https:\/\/team-bananenflanke.de\/ulm\/ueber-uns\/","name":"\u00dcber uns - Team Bananenflanke\u00ae Ulm e.V.","isPartOf":{"@id":"https:\/\/team-bananenflanke.de\/ulm\/#website"},"datePublished":"2023-06-28T09:54:16+00:00","dateModified":"2026-02-11T20:02:42+00:00","description":"Alles \u00fcber das Team Bananenflanke Ulm \u2013 unsere Geschichte, Mission, Werte und das engagierte Team dahinter.","breadcrumb":{"@id":"https:\/\/team-bananenflanke.de\/ulm\/ueber-uns\/#breadcrumb"},"inLanguage":"de","potentialAction":[{"@type":"ReadAction","target":["https:\/\/team-bananenflanke.de\/ulm\/ueber-uns\/"]}]},{"@type":"BreadcrumbList","@id":"https:\/\/team-bananenflanke.de\/ulm\/ueber-uns\/#breadcrumb","itemListElement":[{"@type":"ListItem","position":1,"name":"Startseite","item":"https:\/\/team-bananenflanke.de\/ulm\/"},{"@type":"ListItem","position":2,"name":"\u00dcber uns"}]},{"@type":"WebSite","@id":"https:\/\/team-bananenflanke.de\/ulm\/#website","url":"https:\/\/team-bananenflanke.de\/ulm\/","name":"Team Bananenflanke\u00ae Ulm e.V.","description":"Fu\u00dfball kennt keine Grenzen!","potentialAction":[{"@type":"SearchAction","target":{"@type":"EntryPoint","urlTemplate":"https:\/\/team-bananenflanke.de\/ulm\/?s={search_term_string}"},"query-input":{"@type":"PropertyValueSpecification","valueRequired":true,"valueName":"search_term_string"}}],"inLanguage":"de"}]}},"_links":{"self":[{"href":"https:\/\/team-bananenflanke.de\/ulm\/wp-json\/wp\/v2\/pages\/18","targetHints":{"allow":["GET"]}}],"collection":[{"href":"https:\/\/team-bananenflanke.de\/ulm\/wp-json\/wp\/v2\/pages"}],"about":[{"href":"https:\/\/team-bananenflanke.de\/ulm\/wp-json\/wp\/v2\/types\/page"}],"author":[{"embeddable":true,"href":"https:\/\/team-bananenflanke.de\/ulm\/wp-json\/wp\/v2\/users\/1"}],"replies":[{"embeddable":true,"href":"https:\/\/team-bananenflanke.de\/ulm\/wp-json\/wp\/v2\/comments?post=18"}],"version-history":[{"count":11,"href":"https:\/\/team-bananenflanke.de\/ulm\/wp-json\/wp\/v2\/pages\/18\/revisions"}],"predecessor-version":[{"id":303,"href":"https:\/\/team-bananenflanke.de\/ulm\/wp-json\/wp\/v2\/pages\/18\/revisions\/303"}],"wp:attachment":[{"href":"https:\/\/team-bananenflanke.de\/ulm\/wp-json\/wp\/v2\/media?parent=18"}],"curies":[{"name":"wp","href":"https:\/\/api.w.org\/{rel}","templated":true}]}}