{"id":33,"date":"2024-03-12T11:03:57","date_gmt":"2024-03-12T10:03:57","guid":{"rendered":"https:\/\/teambananenflanke.de\/passau\/?page_id=33"},"modified":"2025-12-08T10:35:48","modified_gmt":"2025-12-08T09:35:48","slug":"ueber-uns","status":"publish","type":"page","link":"https:\/\/team-bananenflanke.de\/passau\/ueber-uns\/","title":{"rendered":"\u00dcber uns"},"content":{"rendered":"[et_pb_section fb_built=&#8220;1&#8243; fullwidth=&#8220;on&#8220; _builder_version=&#8220;4.7.6&#8243; _module_preset=&#8220;default&#8220;][et_pb_fullwidth_slider _builder_version=&#8220;4.7.6&#8243; _module_preset=&#8220;default&#8220; height=&#8220;600px&#8220;][et_pb_slide admin_title=&#8220;Slider 1&#8243; _builder_version=&#8220;4.7.6&#8243; _module_preset=&#8220;default&#8220; background_image=&#8220;https:\/\/teambananenflanke.de\/passau\/wp-content\/uploads\/2023\/12\/slider1.jpg&#8220; background_enable_image=&#8220;on&#8220; sticky_transition=&#8220;on&#8220;][\/et_pb_slide][et_pb_slide admin_title=&#8220;Slider 2&#8243; _builder_version=&#8220;4.7.6&#8243; _module_preset=&#8220;default&#8220; background_image=&#8220;https:\/\/teambananenflanke.de\/passau\/wp-content\/uploads\/2023\/12\/slider2.jpg&#8220; background_enable_image=&#8220;on&#8220; sticky_transition=&#8220;on&#8220;][\/et_pb_slide][et_pb_slide admin_title=&#8220;Slider 3&#8243; _builder_version=&#8220;4.7.6&#8243; _module_preset=&#8220;default&#8220; background_image=&#8220;https:\/\/teambananenflanke.de\/passau\/wp-content\/uploads\/2023\/12\/slider3.jpg&#8220; background_enable_image=&#8220;on&#8220; sticky_transition=&#8220;on&#8220;][\/et_pb_slide][\/et_pb_fullwidth_slider][\/et_pb_section][et_pb_section fb_built=&#8220;1&#8243; admin_label=&#8220;section&#8220; _builder_version=&#8220;3.22&#8243;][et_pb_row admin_label=&#8220;row&#8220; _builder_version=&#8220;3.25&#8243; background_size=&#8220;initial&#8220; background_position=&#8220;top_left&#8220; background_repeat=&#8220;repeat&#8220;][et_pb_column type=&#8220;4_4&#8243; _builder_version=&#8220;3.25&#8243; custom_padding=&#8220;|||&#8220; custom_padding__hover=&#8220;|||&#8220;][et_pb_text admin_label=&#8220;Text&#8220; _builder_version=&#8220;3.27.4&#8243; background_size=&#8220;initial&#8220; background_position=&#8220;top_left&#8220; background_repeat=&#8220;repeat&#8220;]<p><\/p>\n<h1>Das Team Bananenflanke Passau stellt sich vor\u00a0\u2013 Fu\u00dfball mit Herz und Leidenschaft<\/h1>\n<p data-start=\"153\" data-end=\"544\" class=\"\">Das <strong data-start=\"157\" data-end=\"186\">Team Bananenflanke Passau<\/strong> ist mehr als nur ein Fu\u00dfballteam \u2013 wir sind eine Gemeinschaft, die Kindern und Jugendlichen mit geistiger Beeintr\u00e4chtigung die M\u00f6glichkeit gibt, ihre Leidenschaft f\u00fcr den Fu\u00dfball auszuleben. Bei uns stehen nicht nur sportliche Erfolge im Mittelpunkt, sondern vor allem der Spa\u00df am Spiel, Teamgeist und die pers\u00f6nliche Entwicklung jedes einzelnen Spielers.<\/p>\n<p data-start=\"546\" data-end=\"827\" class=\"\">Als Teil der <strong data-start=\"559\" data-end=\"588\">Bananenflanken-Liga (BFL)<\/strong> verfolgen wir das Ziel, Fu\u00dfball f\u00fcr alle erlebbar zu machen. Unsere Spielerinnen und Spieler haben die Chance, regelm\u00e4\u00dfig zu trainieren, sich in spannenden Spielen mit anderen Teams zu messen und dabei unvergessliche Momente zu erleben.<\/p>\n<p data-start=\"829\" data-end=\"1040\" class=\"\">Mit viel Engagement unserer Trainer, Betreuer und Unterst\u00fctzer schaffen wir eine herzliche Atmosph\u00e4re, in der sich jeder willkommen f\u00fchlt. Unser Motto: <strong data-start=\"981\" data-end=\"1038\">&#8222;Fu\u00dfball kennt keine Grenzen \u2013 wir spielen mit Herz!&#8220;<\/strong><\/p>\n<p data-start=\"1042\" data-end=\"1171\" class=\"\">M\u00f6chtest du mehr \u00fcber uns erfahren oder unser Team unterst\u00fctzen? Dann nimm gerne Kontakt mit uns auf \u2013 wir freuen uns auf dich!<\/p>\n<p><\/p>[\/et_pb_text][\/et_pb_column][\/et_pb_row][\/et_pb_section]","protected":false},"excerpt":{"rendered":"<p>[et_pb_section fb_built=&#8220;1&#8243; fullwidth=&#8220;on&#8220; _builder_version=&#8220;4.7.6&#8243; _module_preset=&#8220;default&#8220;][et_pb_fullwidth_slider _builder_version=&#8220;4.7.6&#8243; _module_preset=&#8220;default&#8220; height=&#8220;600px&#8220;][et_pb_slide admin_title=&#8220;Slider 1&#8243; _builder_version=&#8220;4.7.6&#8243; _module_preset=&#8220;default&#8220; background_image=&#8220;https:\/\/teambananenflanke.de\/passau\/wp-content\/uploads\/2023\/12\/slider1.jpg&#8220; background_enable_image=&#8220;on&#8220; sticky_transition=&#8220;on&#8220;][\/et_pb_slide][et_pb_slide admin_title=&#8220;Slider 2&#8243; _builder_version=&#8220;4.7.6&#8243; _module_preset=&#8220;default&#8220; background_image=&#8220;https:\/\/teambananenflanke.de\/passau\/wp-content\/uploads\/2023\/12\/slider2.jpg&#8220; background_enable_image=&#8220;on&#8220; sticky_transition=&#8220;on&#8220;][\/et_pb_slide][et_pb_slide admin_title=&#8220;Slider 3&#8243; _builder_version=&#8220;4.7.6&#8243; _module_preset=&#8220;default&#8220; background_image=&#8220;https:\/\/teambananenflanke.de\/passau\/wp-content\/uploads\/2023\/12\/slider3.jpg&#8220; background_enable_image=&#8220;on&#8220; sticky_transition=&#8220;on&#8220;][\/et_pb_slide][\/et_pb_fullwidth_slider][\/et_pb_section][et_pb_section fb_built=&#8220;1&#8243; admin_label=&#8220;section&#8220; _builder_version=&#8220;3.22&#8243;][et_pb_row admin_label=&#8220;row&#8220; _builder_version=&#8220;3.25&#8243; background_size=&#8220;initial&#8220; background_position=&#8220;top_left&#8220; background_repeat=&#8220;repeat&#8220;][et_pb_column type=&#8220;4_4&#8243; _builder_version=&#8220;3.25&#8243; custom_padding=&#8220;|||&#8220; custom_padding__hover=&#8220;|||&#8220;][et_pb_text admin_label=&#8220;Text&#8220; _builder_version=&#8220;3.27.4&#8243; background_size=&#8220;initial&#8220; background_position=&#8220;top_left&#8220; background_repeat=&#8220;repeat&#8220;] Das Team Bananenflanke Passau stellt sich vor\u00a0\u2013 Fu\u00dfball mit [&hellip;]<\/p>\n","protected":false},"author":1,"featured_media":0,"parent":0,"menu_order":0,"comment_status":"closed","ping_status":"closed","template":"","meta":{"_et_pb_use_builder":"on","_et_pb_old_content":"<!-- wp:paragraph -->\n<p>Dies ist eine Beispiel-Seite. Sie unterscheidet sich von Beitr\u00e4gen, da sie stets an derselben Stelle bleibt und (bei den meisten Themes) in der Website-Navigation angezeigt wird. Die meisten starten mit einem Impressum, der Datenschutzerkl\u00e4rung oder einer \u201e\u00dcber\u00a0uns\u201c-Seite, um sich potenziellen Besuchern der Website vorzustellen. Dort k\u00f6nnte zum Beispiel stehen:<\/p>\n<!-- \/wp:paragraph -->\n\n<!-- wp:quote -->\n<blockquote class=\"wp-block-quote\"><p>Hallo! Tags\u00fcber arbeite ich als Fahrradkurier, nachts bin ich ein aufstrebender Schauspieler und dies hier ist meine Website. Ich lebe in Berlin, habe einen gro\u00dfen Hund namens Jack, mag Pi&#241;a Coladas, jedoch weniger (ohne Schirm) im Regen stehen gelassen zu werden.<\/p><\/blockquote>\n<!-- \/wp:quote -->\n\n<!-- wp:paragraph -->\n<p>...\u00a0oder so etwas wie:<\/p>\n<!-- \/wp:paragraph -->\n\n<!-- wp:quote -->\n<blockquote class=\"wp-block-quote\"><p>Das Unternehmen XYZ wurde 1971 gegr\u00fcndet und versorgt die \u00d6ffentlichkeit seither mit qualitativ hochwertigen Produkten. An seinem Standort in einer kleinen Gro\u00dfstadt besch\u00e4ftigt der Betrieb \u00fcber 2.000 Menschen und unterst\u00fctzt die Stadtbewohner in vielfacher Hinsicht.<\/p><\/blockquote>\n<!-- \/wp:quote -->\n\n<!-- wp:paragraph -->\n<p>Als neuer WordPress-Benutzer solltest du <a href=\"https:\/\/teambananenflanke.de\/passau\/wp-admin\/\">dein Dashboard<\/a> aufrufen, um diese Seite zu l\u00f6schen und neue Seiten und Beitr\u00e4ge f\u00fcr deine Website erstellen. Viel Spa\u00df!<\/p>\n<!-- \/wp:paragraph -->","_et_gb_content_width":"","footnotes":""},"class_list":["post-33","page","type-page","status-publish","hentry"],"yoast_head":"<!-- This site is optimized with the Yoast SEO plugin v27.3 - https:\/\/yoast.com\/product\/yoast-seo-wordpress\/ -->\n<title>\u00dcber uns - Team Bananenflanke\u00ae Passau e.V.<\/title>\n<meta name=\"description\" content=\"Lerne das Team Bananenflanke Passau kennen. Erfahre, wer wir sind, was uns antreibt und wie wir inklusiven Fu\u00dfball in Passau gestalten.\" \/>\n<meta name=\"robots\" content=\"index, follow, max-snippet:-1, max-image-preview:large, max-video-preview:-1\" \/>\n<link rel=\"canonical\" href=\"https:\/\/team-bananenflanke.de\/passau\/ueber-uns\/\" \/>\n<meta property=\"og:locale\" content=\"de_DE\" \/>\n<meta property=\"og:type\" content=\"article\" \/>\n<meta property=\"og:title\" content=\"\u00dcber uns - Team Bananenflanke\u00ae Passau e.V.\" \/>\n<meta property=\"og:description\" content=\"Lerne das Team Bananenflanke Passau kennen. Erfahre, wer wir sind, was uns antreibt und wie wir inklusiven Fu\u00dfball in Passau gestalten.\" \/>\n<meta property=\"og:url\" content=\"https:\/\/team-bananenflanke.de\/passau\/ueber-uns\/\" \/>\n<meta property=\"og:site_name\" content=\"Team Bananenflanke\u00ae Passau e.V.\" \/>\n<meta property=\"article:modified_time\" content=\"2025-12-08T09:35:48+00:00\" \/>\n<meta name=\"twitter:card\" content=\"summary_large_image\" \/>\n<meta name=\"twitter:label1\" content=\"Gesch\u00e4tzte Lesezeit\" \/>\n\t<meta name=\"twitter:data1\" content=\"2\u00a0Minuten\" \/>\n<script type=\"application\/ld+json\" class=\"yoast-schema-graph\">{\"@context\":\"https:\\\/\\\/schema.org\",\"@graph\":[{\"@type\":\"WebPage\",\"@id\":\"https:\\\/\\\/team-bananenflanke.de\\\/passau\\\/ueber-uns\\\/\",\"url\":\"https:\\\/\\\/team-bananenflanke.de\\\/passau\\\/ueber-uns\\\/\",\"name\":\"\u00dcber uns - Team Bananenflanke\u00ae Passau e.V.\",\"isPartOf\":{\"@id\":\"https:\\\/\\\/team-bananenflanke.de\\\/passau\\\/#website\"},\"datePublished\":\"2024-03-12T10:03:57+00:00\",\"dateModified\":\"2025-12-08T09:35:48+00:00\",\"description\":\"Lerne das Team Bananenflanke Passau kennen. Erfahre, wer wir sind, was uns antreibt und wie wir inklusiven Fu\u00dfball in Passau gestalten.\",\"breadcrumb\":{\"@id\":\"https:\\\/\\\/team-bananenflanke.de\\\/passau\\\/ueber-uns\\\/#breadcrumb\"},\"inLanguage\":\"de\",\"potentialAction\":[{\"@type\":\"ReadAction\",\"target\":[\"https:\\\/\\\/team-bananenflanke.de\\\/passau\\\/ueber-uns\\\/\"]}]},{\"@type\":\"BreadcrumbList\",\"@id\":\"https:\\\/\\\/team-bananenflanke.de\\\/passau\\\/ueber-uns\\\/#breadcrumb\",\"itemListElement\":[{\"@type\":\"ListItem\",\"position\":1,\"name\":\"Startseite\",\"item\":\"https:\\\/\\\/team-bananenflanke.de\\\/passau\\\/\"},{\"@type\":\"ListItem\",\"position\":2,\"name\":\"\u00dcber uns\"}]},{\"@type\":\"WebSite\",\"@id\":\"https:\\\/\\\/team-bananenflanke.de\\\/passau\\\/#website\",\"url\":\"https:\\\/\\\/team-bananenflanke.de\\\/passau\\\/\",\"name\":\"Team Bananenflanke\u00ae Passau e.V.\",\"description\":\"Fu\u00dfball kennt keine Grenzen!\",\"potentialAction\":[{\"@type\":\"SearchAction\",\"target\":{\"@type\":\"EntryPoint\",\"urlTemplate\":\"https:\\\/\\\/team-bananenflanke.de\\\/passau\\\/?s={search_term_string}\"},\"query-input\":{\"@type\":\"PropertyValueSpecification\",\"valueRequired\":true,\"valueName\":\"search_term_string\"}}],\"inLanguage\":\"de\"}]}<\/script>\n<!-- \/ Yoast SEO plugin. -->","yoast_head_json":{"title":"\u00dcber uns - Team Bananenflanke\u00ae Passau e.V.","description":"Lerne das Team Bananenflanke Passau kennen. Erfahre, wer wir sind, was uns antreibt und wie wir inklusiven Fu\u00dfball in Passau gestalten.","robots":{"index":"index","follow":"follow","max-snippet":"max-snippet:-1","max-image-preview":"max-image-preview:large","max-video-preview":"max-video-preview:-1"},"canonical":"https:\/\/team-bananenflanke.de\/passau\/ueber-uns\/","og_locale":"de_DE","og_type":"article","og_title":"\u00dcber uns - Team Bananenflanke\u00ae Passau e.V.","og_description":"Lerne das Team Bananenflanke Passau kennen. Erfahre, wer wir sind, was uns antreibt und wie wir inklusiven Fu\u00dfball in Passau gestalten.","og_url":"https:\/\/team-bananenflanke.de\/passau\/ueber-uns\/","og_site_name":"Team Bananenflanke\u00ae Passau e.V.","article_modified_time":"2025-12-08T09:35:48+00:00","twitter_card":"summary_large_image","twitter_misc":{"Gesch\u00e4tzte Lesezeit":"2\u00a0Minuten"},"schema":{"@context":"https:\/\/schema.org","@graph":[{"@type":"WebPage","@id":"https:\/\/team-bananenflanke.de\/passau\/ueber-uns\/","url":"https:\/\/team-bananenflanke.de\/passau\/ueber-uns\/","name":"\u00dcber uns - Team Bananenflanke\u00ae Passau e.V.","isPartOf":{"@id":"https:\/\/team-bananenflanke.de\/passau\/#website"},"datePublished":"2024-03-12T10:03:57+00:00","dateModified":"2025-12-08T09:35:48+00:00","description":"Lerne das Team Bananenflanke Passau kennen. Erfahre, wer wir sind, was uns antreibt und wie wir inklusiven Fu\u00dfball in Passau gestalten.","breadcrumb":{"@id":"https:\/\/team-bananenflanke.de\/passau\/ueber-uns\/#breadcrumb"},"inLanguage":"de","potentialAction":[{"@type":"ReadAction","target":["https:\/\/team-bananenflanke.de\/passau\/ueber-uns\/"]}]},{"@type":"BreadcrumbList","@id":"https:\/\/team-bananenflanke.de\/passau\/ueber-uns\/#breadcrumb","itemListElement":[{"@type":"ListItem","position":1,"name":"Startseite","item":"https:\/\/team-bananenflanke.de\/passau\/"},{"@type":"ListItem","position":2,"name":"\u00dcber uns"}]},{"@type":"WebSite","@id":"https:\/\/team-bananenflanke.de\/passau\/#website","url":"https:\/\/team-bananenflanke.de\/passau\/","name":"Team Bananenflanke\u00ae Passau e.V.","description":"Fu\u00dfball kennt keine Grenzen!","potentialAction":[{"@type":"SearchAction","target":{"@type":"EntryPoint","urlTemplate":"https:\/\/team-bananenflanke.de\/passau\/?s={search_term_string}"},"query-input":{"@type":"PropertyValueSpecification","valueRequired":true,"valueName":"search_term_string"}}],"inLanguage":"de"}]}},"_links":{"self":[{"href":"https:\/\/team-bananenflanke.de\/passau\/wp-json\/wp\/v2\/pages\/33","targetHints":{"allow":["GET"]}}],"collection":[{"href":"https:\/\/team-bananenflanke.de\/passau\/wp-json\/wp\/v2\/pages"}],"about":[{"href":"https:\/\/team-bananenflanke.de\/passau\/wp-json\/wp\/v2\/types\/page"}],"author":[{"embeddable":true,"href":"https:\/\/team-bananenflanke.de\/passau\/wp-json\/wp\/v2\/users\/1"}],"replies":[{"embeddable":true,"href":"https:\/\/team-bananenflanke.de\/passau\/wp-json\/wp\/v2\/comments?post=33"}],"version-history":[{"count":3,"href":"https:\/\/team-bananenflanke.de\/passau\/wp-json\/wp\/v2\/pages\/33\/revisions"}],"predecessor-version":[{"id":96,"href":"https:\/\/team-bananenflanke.de\/passau\/wp-json\/wp\/v2\/pages\/33\/revisions\/96"}],"wp:attachment":[{"href":"https:\/\/team-bananenflanke.de\/passau\/wp-json\/wp\/v2\/media?parent=33"}],"curies":[{"name":"wp","href":"https:\/\/api.w.org\/{rel}","templated":true}]}}