{"id":18,"date":"2023-10-19T13:26:14","date_gmt":"2023-10-19T11:26:14","guid":{"rendered":"https:\/\/teambananenflanke.de\/muenchen\/?page_id=18"},"modified":"2026-03-01T18:19:10","modified_gmt":"2026-03-01T17:19:10","slug":"ueber-uns","status":"publish","type":"page","link":"https:\/\/team-bananenflanke.de\/muenchen\/ueber-uns\/","title":{"rendered":"\u00dcber uns"},"content":{"rendered":"[et_pb_section fb_built=&#8220;1&#8243; fullwidth=&#8220;on&#8220; _builder_version=&#8220;4.7.6&#8243; _module_preset=&#8220;default&#8220;][et_pb_fullwidth_image src=&#8220;https:\/\/team-bananenflanke.de\/muenchen\/wp-content\/uploads\/2025\/12\/image.jpeg&#8220; title_text=&#8220;image&#8220; src_tablet=&#8220;&#8220; src_phone=&#8220;&#8220; src_last_edited=&#8220;on|phone&#8220; _builder_version=&#8220;4.7.6&#8243; _module_preset=&#8220;default&#8220;][\/et_pb_fullwidth_image][\/et_pb_section][et_pb_section fb_built=&#8220;1&#8243; admin_label=&#8220;section&#8220; _builder_version=&#8220;4.7.6&#8243;][et_pb_row column_structure=&#8220;1_4,3_4&#8243; _builder_version=&#8220;4.7.6&#8243; _module_preset=&#8220;default&#8220; custom_padding=&#8220;||4px|||&#8220;][et_pb_column type=&#8220;1_4&#8243; _builder_version=&#8220;4.7.6&#8243; _module_preset=&#8220;default&#8220;][et_pb_image src=&#8220;https:\/\/team-bananenflanke.de\/muenchen\/wp-content\/uploads\/2025\/12\/ueberuns.jpg&#8220; title_text=&#8220;ueberuns&#8220; _builder_version=&#8220;4.7.6&#8243; _module_preset=&#8220;default&#8220;][\/et_pb_image][\/et_pb_column][et_pb_column type=&#8220;3_4&#8243; _builder_version=&#8220;4.7.6&#8243; _module_preset=&#8220;default&#8220;][et_pb_text admin_label=&#8220;Text&#8220; _builder_version=&#8220;4.7.6&#8243; background_size=&#8220;initial&#8220; background_position=&#8220;top_left&#8220; background_repeat=&#8220;repeat&#8220; width=&#8220;99.9%&#8220;]<p>Der <b>Team Bananenflanke M\u00fcnchen e.V.<\/b> setzt sich mit viel Herzblut f\u00fcr Kinder und Jugendliche mit geistiger Beeintr\u00e4chtigung ein. In einer inklusiven und unterst\u00fctzenden Umgebung bieten wir jungen Menschen die M\u00f6glichkeit, ihre Leidenschaft f\u00fcr den Sport auszuleben.<\/p>\n<p><b>Warum wir?<\/b><\/p>\n<ul>\n<li><span><\/span><b>Leidenschaft:<\/b> Den Sport aktiv ausleben und die Liebe zum Fu\u00dfball teilen.<\/li>\n<li><span><\/span><b>Gemeinschaft:<\/b> Teamgeist erfahren und neue Freunde finden.<\/li>\n<li><span><\/span><b>Wachstum:<\/b> Pers\u00f6nliche Weiterentwicklung und Erfolgserlebnisse auf und neben dem Platz.<\/li>\n<\/ul>\n<p><b>Was dich bei uns erwartet:<\/b><\/p>\n<ul>\n<li><span><\/span><b>W\u00f6chentliches Training:<\/b> Wir kicken immer <b>freitags<\/b>.<\/li>\n<li><span><\/span><b>Unser Team:<\/b> Ein junges, dynamisches Trainer:innen-Team, das mit Spa\u00df und Fachwissen dabei ist.<\/li>\n<li><span><\/span><b>Action:<\/b> Regelm\u00e4\u00dfige Teilnahme an spannenden Events und Spieltagen.<\/li>\n<li><span><\/span><b>Highlight:<\/b> Einmal im Jahr veranstalten wir ein gemeinsames, <b>mehrt\u00e4giges Trainingslager<\/b>.<\/li>\n<\/ul>\n<p><b>Du m\u00f6chtest dabei sein?<\/b> Bei uns ist jeder willkommen! Wir freuen uns auf dich. Schreib uns einfach eine Nachricht unter <a href=\"mailto:muenchen@team-bananenflanke.de\">muenchen@team-bananenflanke.de<\/a> oder besuche uns auf <a href=\"https:\/\/www.instagram.com\/team_bananenflanke_muc\/\">Instagram<\/a>, um einen ersten Einblick in unser Training oder unseren Spielbetrieb am Wochenende zu bekommen.<\/p>\n<p><\/p>[\/et_pb_text][\/et_pb_column][\/et_pb_row][et_pb_row column_structure=&#8220;1_2,1_2&#8243; _builder_version=&#8220;4.7.6&#8243; _module_preset=&#8220;default&#8220; width=&#8220;100%&#8220;][et_pb_column type=&#8220;1_2&#8243; _builder_version=&#8220;4.7.6&#8243; _module_preset=&#8220;default&#8220;][et_pb_image src=&#8220;https:\/\/team-bananenflanke.de\/muenchen\/wp-content\/uploads\/2025\/12\/IMG_4366.png&#8220; title_text=&#8220;IMG_4366&#8243; _builder_version=&#8220;4.7.6&#8243; _module_preset=&#8220;default&#8220;][\/et_pb_image][\/et_pb_column][et_pb_column type=&#8220;1_2&#8243; _builder_version=&#8220;4.7.6&#8243; _module_preset=&#8220;default&#8220;][et_pb_image src=&#8220;https:\/\/teambananenflanke.de\/muenchen\/wp-content\/uploads\/2025\/03\/team-im-team.jpg&#8220; title_text=&#8220;team-im-team&#8220; _builder_version=&#8220;4.7.6&#8243; _module_preset=&#8220;default&#8220;][\/et_pb_image][et_pb_text _builder_version=&#8220;4.7.6&#8243; _module_preset=&#8220;default&#8220; custom_padding=&#8220;||0px|||&#8220;]<p><span style=\"color: #666666;\"><span style=\"color: #000000;\"><strong>1. Vorstand <\/strong>|<strong>\u00a0<\/strong><\/span>Michael Fink<\/span><br \/><span style=\"color: #666666;\"><strong><span style=\"color: #000000;\"> 2. Vorstand <\/span><\/strong><span style=\"color: #000000;\">|<\/span>\u00a0Stephan Kohles<\/span><br \/><span style=\"color: #666666;\"><strong><span style=\"color: #000000;\"> 3. Vorstand<\/span> <\/strong>|\u00a0Roman Koslowski<\/span><\/p>\n<p><span style=\"color: #666666;\"><span style=\"color: #000000;\"><strong>Sportliche Leitung<\/strong><\/span> | David Roth<\/span><\/p>\n<p><span style=\"color: #666666;\">&amp; Trainer- und Organisationsteam<\/span><\/p>[\/et_pb_text][\/et_pb_column][\/et_pb_row][\/et_pb_section]<!-- \/wp:post-content -->","protected":false},"excerpt":{"rendered":"<p>[et_pb_section fb_built=&#8220;1&#8243; fullwidth=&#8220;on&#8220; _builder_version=&#8220;4.7.6&#8243; _module_preset=&#8220;default&#8220;][et_pb_fullwidth_image src=&#8220;https:\/\/team-bananenflanke.de\/muenchen\/wp-content\/uploads\/2025\/12\/image.jpeg&#8220; title_text=&#8220;image&#8220; src_tablet=&#8220;&#8220; src_phone=&#8220;&#8220; src_last_edited=&#8220;on|phone&#8220; _builder_version=&#8220;4.7.6&#8243; _module_preset=&#8220;default&#8220;][\/et_pb_fullwidth_image][\/et_pb_section][et_pb_section fb_built=&#8220;1&#8243; admin_label=&#8220;section&#8220; _builder_version=&#8220;4.7.6&#8243;][et_pb_row column_structure=&#8220;1_4,3_4&#8243; _builder_version=&#8220;4.7.6&#8243; _module_preset=&#8220;default&#8220; custom_padding=&#8220;||4px|||&#8220;][et_pb_column type=&#8220;1_4&#8243; _builder_version=&#8220;4.7.6&#8243; _module_preset=&#8220;default&#8220;][et_pb_image src=&#8220;https:\/\/team-bananenflanke.de\/muenchen\/wp-content\/uploads\/2025\/12\/ueberuns.jpg&#8220; title_text=&#8220;ueberuns&#8220; _builder_version=&#8220;4.7.6&#8243; _module_preset=&#8220;default&#8220;][\/et_pb_image][\/et_pb_column][et_pb_column type=&#8220;3_4&#8243; _builder_version=&#8220;4.7.6&#8243; _module_preset=&#8220;default&#8220;][et_pb_text admin_label=&#8220;Text&#8220; _builder_version=&#8220;4.7.6&#8243; background_size=&#8220;initial&#8220; background_position=&#8220;top_left&#8220; background_repeat=&#8220;repeat&#8220; width=&#8220;99.9%&#8220;] Der Team Bananenflanke M\u00fcnchen e.V. setzt sich mit viel Herzblut f\u00fcr Kinder und Jugendliche mit geistiger Beeintr\u00e4chtigung ein. In einer [&hellip;]<\/p>\n","protected":false},"author":1,"featured_media":0,"parent":0,"menu_order":0,"comment_status":"closed","ping_status":"open","template":"","meta":{"_et_pb_use_builder":"on","_et_pb_old_content":"<!-- wp:paragraph -->\r\n<p>Dies ist eine Beispiel-Seite. Sie unterscheidet sich von Beitr\u00e4gen, da sie stets an derselben Stelle bleibt und (bei den meisten Themes) in der Website-Navigation angezeigt wird. Die meisten starten mit einem Impressum, der Datenschutzerkl\u00e4rung oder einer \u201e\u00dcber\u00a0uns\u201c-Seite, um sich potenziellen Besuchern der Website vorzustellen. Dort k\u00f6nnte zum Beispiel stehen:<\/p>\r\n<!-- \/wp:paragraph -->\r\n\r\n<!-- wp:quote -->\r\n<blockquote class=\"wp-block-quote\"><p>Hallo! Tags\u00fcber arbeite ich als Fahrradkurier, nachts bin ich ein aufstrebender Schauspieler und dies hier ist meine Website. Ich lebe in Berlin, habe einen gro\u00dfen Hund namens Jack, mag Pi\u00f1a Coladas, jedoch weniger (ohne Schirm) im Regen stehen gelassen zu werden.<\/p><\/blockquote>\r\n<!-- \/wp:quote -->\r\n\r\n<!-- wp:paragraph -->\r\n<p>...\u00a0oder so etwas wie:<\/p>\r\n<!-- \/wp:paragraph -->\r\n\r\n<!-- wp:quote -->\r\n<blockquote class=\"wp-block-quote\"><p>Das Unternehmen XYZ wurde 1971 gegr\u00fcndet und versorgt die \u00d6ffentlichkeit seither mit qualitativ hochwertigen Produkten. An seinem Standort in einer kleinen Gro\u00dfstadt besch\u00e4ftigt der Betrieb \u00fcber 2.000 Menschen und unterst\u00fctzt die Stadtbewohner in vielfacher Hinsicht.<\/p><\/blockquote>\r\n<!-- \/wp:quote -->\r\n\r\n<!-- wp:paragraph -->\r\n<p>Als neuer WordPress-Benutzer solltest du <a href=\"https:\/\/teambananenflanke.de\/muenchen\/wp-admin\/\">dein Dashboard<\/a> aufrufen, um diese Seite zu l\u00f6schen und neue Seiten und Beitr\u00e4ge f\u00fcr deine Website erstellen. Viel Spa\u00df!<\/p>\r\n<!-- \/wp:paragraph -->","_et_gb_content_width":"","footnotes":""},"class_list":["post-18","page","type-page","status-publish","hentry"],"yoast_head":"<!-- This site is optimized with the Yoast SEO plugin v27.3 - https:\/\/yoast.com\/product\/yoast-seo-wordpress\/ -->\n<title>\u00dcber uns - Team Bananenflanke\u00ae M\u00fcnchen e.V.<\/title>\n<meta name=\"description\" content=\"Lerne das Team Bananenflanke M\u00fcnchen kennen: unsere Mission, unser Trainerteam und unser Engagement f\u00fcr inklusiven Fu\u00dfball.\" \/>\n<meta name=\"robots\" content=\"index, follow, max-snippet:-1, max-image-preview:large, max-video-preview:-1\" \/>\n<link rel=\"canonical\" href=\"https:\/\/team-bananenflanke.de\/muenchen\/ueber-uns\/\" \/>\n<meta property=\"og:locale\" content=\"de_DE\" \/>\n<meta property=\"og:type\" content=\"article\" \/>\n<meta property=\"og:title\" content=\"\u00dcber uns - Team Bananenflanke\u00ae M\u00fcnchen e.V.\" \/>\n<meta property=\"og:description\" content=\"Lerne das Team Bananenflanke M\u00fcnchen kennen: unsere Mission, unser Trainerteam und unser Engagement f\u00fcr inklusiven Fu\u00dfball.\" \/>\n<meta property=\"og:url\" content=\"https:\/\/team-bananenflanke.de\/muenchen\/ueber-uns\/\" \/>\n<meta property=\"og:site_name\" content=\"Team Bananenflanke\u00ae M\u00fcnchen e.V.\" \/>\n<meta property=\"article:modified_time\" content=\"2026-03-01T17:19:10+00:00\" \/>\n<meta name=\"twitter:card\" content=\"summary_large_image\" \/>\n<meta name=\"twitter:label1\" content=\"Gesch\u00e4tzte Lesezeit\" \/>\n\t<meta name=\"twitter:data1\" content=\"2\u00a0Minuten\" \/>\n<script type=\"application\/ld+json\" class=\"yoast-schema-graph\">{\"@context\":\"https:\\\/\\\/schema.org\",\"@graph\":[{\"@type\":\"WebPage\",\"@id\":\"https:\\\/\\\/team-bananenflanke.de\\\/muenchen\\\/ueber-uns\\\/\",\"url\":\"https:\\\/\\\/team-bananenflanke.de\\\/muenchen\\\/ueber-uns\\\/\",\"name\":\"\u00dcber uns - Team Bananenflanke\u00ae M\u00fcnchen e.V.\",\"isPartOf\":{\"@id\":\"https:\\\/\\\/team-bananenflanke.de\\\/muenchen\\\/#website\"},\"datePublished\":\"2023-10-19T11:26:14+00:00\",\"dateModified\":\"2026-03-01T17:19:10+00:00\",\"description\":\"Lerne das Team Bananenflanke M\u00fcnchen kennen: unsere Mission, unser Trainerteam und unser Engagement f\u00fcr inklusiven Fu\u00dfball.\",\"breadcrumb\":{\"@id\":\"https:\\\/\\\/team-bananenflanke.de\\\/muenchen\\\/ueber-uns\\\/#breadcrumb\"},\"inLanguage\":\"de\",\"potentialAction\":[{\"@type\":\"ReadAction\",\"target\":[\"https:\\\/\\\/team-bananenflanke.de\\\/muenchen\\\/ueber-uns\\\/\"]}]},{\"@type\":\"BreadcrumbList\",\"@id\":\"https:\\\/\\\/team-bananenflanke.de\\\/muenchen\\\/ueber-uns\\\/#breadcrumb\",\"itemListElement\":[{\"@type\":\"ListItem\",\"position\":1,\"name\":\"Startseite\",\"item\":\"https:\\\/\\\/team-bananenflanke.de\\\/muenchen\\\/\"},{\"@type\":\"ListItem\",\"position\":2,\"name\":\"\u00dcber uns\"}]},{\"@type\":\"WebSite\",\"@id\":\"https:\\\/\\\/team-bananenflanke.de\\\/muenchen\\\/#website\",\"url\":\"https:\\\/\\\/team-bananenflanke.de\\\/muenchen\\\/\",\"name\":\"Team Bananenflanke\u00ae M\u00fcnchen e.V.\",\"description\":\"Fu\u00dfball kennt keine Grenzen!\",\"potentialAction\":[{\"@type\":\"SearchAction\",\"target\":{\"@type\":\"EntryPoint\",\"urlTemplate\":\"https:\\\/\\\/team-bananenflanke.de\\\/muenchen\\\/?s={search_term_string}\"},\"query-input\":{\"@type\":\"PropertyValueSpecification\",\"valueRequired\":true,\"valueName\":\"search_term_string\"}}],\"inLanguage\":\"de\"}]}<\/script>\n<!-- \/ Yoast SEO plugin. -->","yoast_head_json":{"title":"\u00dcber uns - Team Bananenflanke\u00ae M\u00fcnchen e.V.","description":"Lerne das Team Bananenflanke M\u00fcnchen kennen: unsere Mission, unser Trainerteam und unser Engagement f\u00fcr inklusiven Fu\u00dfball.","robots":{"index":"index","follow":"follow","max-snippet":"max-snippet:-1","max-image-preview":"max-image-preview:large","max-video-preview":"max-video-preview:-1"},"canonical":"https:\/\/team-bananenflanke.de\/muenchen\/ueber-uns\/","og_locale":"de_DE","og_type":"article","og_title":"\u00dcber uns - Team Bananenflanke\u00ae M\u00fcnchen e.V.","og_description":"Lerne das Team Bananenflanke M\u00fcnchen kennen: unsere Mission, unser Trainerteam und unser Engagement f\u00fcr inklusiven Fu\u00dfball.","og_url":"https:\/\/team-bananenflanke.de\/muenchen\/ueber-uns\/","og_site_name":"Team Bananenflanke\u00ae M\u00fcnchen e.V.","article_modified_time":"2026-03-01T17:19:10+00:00","twitter_card":"summary_large_image","twitter_misc":{"Gesch\u00e4tzte Lesezeit":"2\u00a0Minuten"},"schema":{"@context":"https:\/\/schema.org","@graph":[{"@type":"WebPage","@id":"https:\/\/team-bananenflanke.de\/muenchen\/ueber-uns\/","url":"https:\/\/team-bananenflanke.de\/muenchen\/ueber-uns\/","name":"\u00dcber uns - Team Bananenflanke\u00ae M\u00fcnchen e.V.","isPartOf":{"@id":"https:\/\/team-bananenflanke.de\/muenchen\/#website"},"datePublished":"2023-10-19T11:26:14+00:00","dateModified":"2026-03-01T17:19:10+00:00","description":"Lerne das Team Bananenflanke M\u00fcnchen kennen: unsere Mission, unser Trainerteam und unser Engagement f\u00fcr inklusiven Fu\u00dfball.","breadcrumb":{"@id":"https:\/\/team-bananenflanke.de\/muenchen\/ueber-uns\/#breadcrumb"},"inLanguage":"de","potentialAction":[{"@type":"ReadAction","target":["https:\/\/team-bananenflanke.de\/muenchen\/ueber-uns\/"]}]},{"@type":"BreadcrumbList","@id":"https:\/\/team-bananenflanke.de\/muenchen\/ueber-uns\/#breadcrumb","itemListElement":[{"@type":"ListItem","position":1,"name":"Startseite","item":"https:\/\/team-bananenflanke.de\/muenchen\/"},{"@type":"ListItem","position":2,"name":"\u00dcber uns"}]},{"@type":"WebSite","@id":"https:\/\/team-bananenflanke.de\/muenchen\/#website","url":"https:\/\/team-bananenflanke.de\/muenchen\/","name":"Team Bananenflanke\u00ae M\u00fcnchen e.V.","description":"Fu\u00dfball kennt keine Grenzen!","potentialAction":[{"@type":"SearchAction","target":{"@type":"EntryPoint","urlTemplate":"https:\/\/team-bananenflanke.de\/muenchen\/?s={search_term_string}"},"query-input":{"@type":"PropertyValueSpecification","valueRequired":true,"valueName":"search_term_string"}}],"inLanguage":"de"}]}},"_links":{"self":[{"href":"https:\/\/team-bananenflanke.de\/muenchen\/wp-json\/wp\/v2\/pages\/18","targetHints":{"allow":["GET"]}}],"collection":[{"href":"https:\/\/team-bananenflanke.de\/muenchen\/wp-json\/wp\/v2\/pages"}],"about":[{"href":"https:\/\/team-bananenflanke.de\/muenchen\/wp-json\/wp\/v2\/types\/page"}],"author":[{"embeddable":true,"href":"https:\/\/team-bananenflanke.de\/muenchen\/wp-json\/wp\/v2\/users\/1"}],"replies":[{"embeddable":true,"href":"https:\/\/team-bananenflanke.de\/muenchen\/wp-json\/wp\/v2\/comments?post=18"}],"version-history":[{"count":30,"href":"https:\/\/team-bananenflanke.de\/muenchen\/wp-json\/wp\/v2\/pages\/18\/revisions"}],"predecessor-version":[{"id":266,"href":"https:\/\/team-bananenflanke.de\/muenchen\/wp-json\/wp\/v2\/pages\/18\/revisions\/266"}],"wp:attachment":[{"href":"https:\/\/team-bananenflanke.de\/muenchen\/wp-json\/wp\/v2\/media?parent=18"}],"curies":[{"name":"wp","href":"https:\/\/api.w.org\/{rel}","templated":true}]}}