{"id":1887,"date":"2023-06-28T16:15:42","date_gmt":"2023-06-28T14:15:42","guid":{"rendered":"http:\/\/creative-idee.net\/team-bananenflanke\/bonn\/?page_id=20"},"modified":"2026-03-31T16:40:05","modified_gmt":"2026-03-31T14:40:05","slug":"das-team-team-bananenflanke-bonn-e-v-spieler-trainer","status":"publish","type":"page","link":"https:\/\/team-bananenflanke.de\/bonn\/das-team-team-bananenflanke-bonn-e-v-spieler-trainer\/","title":{"rendered":"Das Team"},"content":{"rendered":"<p>[et_pb_section fb_built=&#8220;1&#8243; fullwidth=&#8220;on&#8220; _builder_version=&#8220;4.7.6&#8243; _module_preset=&#8220;default&#8220;][et_pb_fullwidth_slider _builder_version=&#8220;4.7.6&#8243; _module_preset=&#8220;default&#8220; min_height=&#8220;200px&#8220; min_height_tablet=&#8220;&#8220; min_height_phone=&#8220;&#8220; min_height_last_edited=&#8220;on|desktop&#8220;][et_pb_slide _builder_version=&#8220;4.7.6&#8243; _module_preset=&#8220;default&#8220; background_image=&#8220;https:\/\/teambananenflanke.de\/bonn\/wp-content\/uploads\/2025\/11\/Team.png&#8220; background_enable_image=&#8220;on&#8220; sticky_transition=&#8220;on&#8220;][\/et_pb_slide][\/et_pb_fullwidth_slider][\/et_pb_section][et_pb_section fb_built=&#8220;1&#8243; admin_label=&#8220;section&#8220; _builder_version=&#8220;3.22&#8243;][et_pb_row admin_label=&#8220;row&#8220; _builder_version=&#8220;3.25&#8243; background_size=&#8220;initial&#8220; background_position=&#8220;top_left&#8220; background_repeat=&#8220;repeat&#8220;][et_pb_column type=&#8220;4_4&#8243; _builder_version=&#8220;3.25&#8243; custom_padding=&#8220;|||&#8220; custom_padding__hover=&#8220;|||&#8220;][et_pb_text admin_label=&#8220;Text&#8220; _builder_version=&#8220;4.7.6&#8243; background_size=&#8220;initial&#8220; background_position=&#8220;top_left&#8220; background_repeat=&#8220;repeat&#8220;]<\/p>\n<p><strong style=\"color: #333333; font-size: 30px;\">Das Team<\/strong><\/p>\n<p>[\/et_pb_text][\/et_pb_column][\/et_pb_row][et_pb_row column_structure=&#8220;1_4,1_4,1_4,1_4&#8243; admin_label=&#8220;row&#8220; _builder_version=&#8220;3.25&#8243; background_size=&#8220;initial&#8220; background_position=&#8220;top_left&#8220; background_repeat=&#8220;repeat&#8220;][et_pb_column type=&#8220;1_4&#8243; _builder_version=&#8220;3.25&#8243; custom_padding=&#8220;|||&#8220; custom_padding__hover=&#8220;|||&#8220;][et_pb_text admin_label=&#8220;Text&#8220; _builder_version=&#8220;4.7.6&#8243; background_size=&#8220;initial&#8220; background_position=&#8220;top_left&#8220; background_repeat=&#8220;repeat&#8220;]<\/p>\n<p>Der\u00a0<strong>Vorstand\u00a0<\/strong>des Teams Bananenflanke Bonn\/Rhein-Sieg besteht aus:<\/p>\n<p><strong class=\"font-weight-bold\">Team Bananenflanke Bonn\/Rhein-Sieg e.V.<br \/>Am Wei\u00dfen Stein 1<br \/>53227 Bonn<\/strong><\/p>\n<p>[\/et_pb_text][\/et_pb_column][et_pb_column type=&#8220;1_4&#8243; _builder_version=&#8220;4.7.6&#8243; _module_preset=&#8220;default&#8220;][et_pb_image src=&#8220;https:\/\/teambananenflanke.de\/bonn\/wp-content\/uploads\/2025\/10\/kd.jpg&#8220; title_text=&#8220;kd&#8220; _builder_version=&#8220;4.7.6&#8243; _module_preset=&#8220;default&#8220; custom_margin=&#8220;||80px|||&#8220;][\/et_pb_image][et_pb_text admin_label=&#8220;Text&#8220; _builder_version=&#8220;4.7.6&#8243; background_size=&#8220;initial&#8220; background_position=&#8220;top_left&#8220; background_repeat=&#8220;repeat&#8220;]<\/p>\n<h3><strong>1. Vorsitzender<\/strong><\/h3>\n<p>Klaus-Dieter H\u00e4seler<\/p>\n<p>\u00a0<\/p>\n<p>[\/et_pb_text][\/et_pb_column][et_pb_column type=&#8220;1_4&#8243; _builder_version=&#8220;3.25&#8243; custom_padding=&#8220;|||&#8220; custom_padding__hover=&#8220;|||&#8220;][et_pb_image src=&#8220;https:\/\/teambananenflanke.de\/bonn\/wp-content\/uploads\/2025\/10\/tobi-scaled.jpg&#8220; title_text=&#8220;tobi&#8220; _builder_version=&#8220;4.7.6&#8243; _module_preset=&#8220;default&#8220; custom_margin=&#8220;||76px|||&#8220;][\/et_pb_image][et_pb_text admin_label=&#8220;Text&#8220; _builder_version=&#8220;4.7.6&#8243; background_size=&#8220;initial&#8220; background_position=&#8220;top_left&#8220; background_repeat=&#8220;repeat&#8220;]<\/p>\n<h3><strong>2. Vorsitzender, Presse- und \u00d6ffentlichkeitsarbeit<\/strong><\/h3>\n<p>Tobias Weidmann<\/p>\n<p><!-- \/wp:freeform --><\/p>\n<p>[\/et_pb_text][\/et_pb_column][et_pb_column type=&#8220;1_4&#8243; _builder_version=&#8220;3.25&#8243; custom_padding=&#8220;|||&#8220; custom_padding__hover=&#8220;|||&#8220;][et_pb_image src=&#8220;https:\/\/teambananenflanke.de\/bonn\/wp-content\/uploads\/2025\/10\/Oliver.jpg&#8220; title_text=&#8220;Oliver&#8220; _builder_version=&#8220;4.7.6&#8243; _module_preset=&#8220;default&#8220; custom_padding=&#8220;||0px|||&#8220;][\/et_pb_image][et_pb_text admin_label=&#8220;Text&#8220; _builder_version=&#8220;4.7.6&#8243; background_size=&#8220;initial&#8220; background_position=&#8220;top_left&#8220; background_repeat=&#8220;repeat&#8220;]<\/p>\n<h3><strong>Schatzmeister<\/strong><\/h3>\n<p>Oliver May<\/p>\n<p><!-- \/wp:post-content --><\/p>\n<p>[\/et_pb_text][\/et_pb_column][\/et_pb_row][et_pb_row _builder_version=&#8220;4.7.6&#8243; _module_preset=&#8220;default&#8220;][et_pb_column type=&#8220;4_4&#8243; _builder_version=&#8220;4.7.6&#8243; _module_preset=&#8220;default&#8220;][et_pb_text _builder_version=&#8220;4.7.6&#8243; _module_preset=&#8220;default&#8220;]<\/p>\n<p><strong>Trainer des Teams:<br \/><\/strong><\/p>\n<p>Philipp Goergen, Freddy Teuber, Jimmy Gomes, Timm von der Gracht, Frank Erbeling, Christian Brungs, Joachim Meier und Philipp Reinartz<\/p>\n<p>[\/et_pb_text][\/et_pb_column][\/et_pb_row][et_pb_row column_structure=&#8220;1_3,1_3,1_3&#8243; _builder_version=&#8220;4.7.6&#8243; _module_preset=&#8220;default&#8220;][et_pb_column type=&#8220;1_3&#8243; _builder_version=&#8220;4.7.6&#8243; _module_preset=&#8220;default&#8220;][et_pb_image src=&#8220;https:\/\/teambananenflanke.de\/bonn\/wp-content\/uploads\/2025\/10\/freddy-und-philipp.jpg&#8220; title_text=&#8220;jimmy&#8220; _builder_version=&#8220;4.7.6&#8243; _module_preset=&#8220;default&#8220;][\/et_pb_image][et_pb_image src=&#8220;https:\/\/teambananenflanke.de\/bonn\/wp-content\/uploads\/2025\/10\/Frank_2.jpg&#8220; title_text=&#8220;Frank_2&#8243; _builder_version=&#8220;4.7.6&#8243; _module_preset=&#8220;default&#8220;][\/et_pb_image][\/et_pb_column][et_pb_column type=&#8220;1_3&#8243; _builder_version=&#8220;4.7.6&#8243; _module_preset=&#8220;default&#8220;][et_pb_image src=&#8220;https:\/\/teambananenflanke.de\/bonn\/wp-content\/uploads\/2025\/10\/timm.jpg&#8220; title_text=&#8220;timm&#8220; _builder_version=&#8220;4.7.6&#8243; _module_preset=&#8220;default&#8220;][\/et_pb_image][et_pb_image src=&#8220;https:\/\/teambananenflanke.de\/bonn\/wp-content\/uploads\/2025\/10\/csm_Shiva_7d057e7965.jpg&#8220; title_text=&#8220;csm_Shiva_7d057e7965&#8243; _builder_version=&#8220;4.7.6&#8243; _module_preset=&#8220;default&#8220;][\/et_pb_image][\/et_pb_column][et_pb_column type=&#8220;1_3&#8243; _builder_version=&#8220;4.7.6&#8243; _module_preset=&#8220;default&#8220;][et_pb_image src=&#8220;https:\/\/teambananenflanke.de\/bonn\/wp-content\/uploads\/2025\/10\/jimmy.jpg&#8220; title_text=&#8220;freddy und philipp&#8220; _builder_version=&#8220;4.7.6&#8243; _module_preset=&#8220;default&#8220;][\/et_pb_image][et_pb_image src=&#8220;https:\/\/teambananenflanke.de\/bonn\/wp-content\/uploads\/2025\/10\/csm_Joachim_2_fe5159e5d1.jpg&#8220; title_text=&#8220;csm_Joachim_2_fe5159e5d1&#8243; _builder_version=&#8220;4.7.6&#8243; _module_preset=&#8220;default&#8220;][\/et_pb_image][\/et_pb_column][\/et_pb_row][\/et_pb_section]<\/p>\n","protected":false},"excerpt":{"rendered":"<p>[et_pb_section fb_built=&#8220;1&#8243; fullwidth=&#8220;on&#8220; _builder_version=&#8220;4.7.6&#8243; _module_preset=&#8220;default&#8220;][et_pb_fullwidth_slider _builder_version=&#8220;4.7.6&#8243; _module_preset=&#8220;default&#8220; min_height=&#8220;200px&#8220; min_height_tablet=&#8220;&#8220; min_height_phone=&#8220;&#8220; min_height_last_edited=&#8220;on|desktop&#8220;][et_pb_slide _builder_version=&#8220;4.7.6&#8243; _module_preset=&#8220;default&#8220; background_image=&#8220;https:\/\/teambananenflanke.de\/bonn\/wp-content\/uploads\/2025\/11\/Team.png&#8220; background_enable_image=&#8220;on&#8220; sticky_transition=&#8220;on&#8220;][\/et_pb_slide][\/et_pb_fullwidth_slider][\/et_pb_section][et_pb_section fb_built=&#8220;1&#8243; admin_label=&#8220;section&#8220; _builder_version=&#8220;3.22&#8243;][et_pb_row admin_label=&#8220;row&#8220; _builder_version=&#8220;3.25&#8243; background_size=&#8220;initial&#8220; background_position=&#8220;top_left&#8220; background_repeat=&#8220;repeat&#8220;][et_pb_column type=&#8220;4_4&#8243; _builder_version=&#8220;3.25&#8243; custom_padding=&#8220;|||&#8220; custom_padding__hover=&#8220;|||&#8220;][et_pb_text admin_label=&#8220;Text&#8220; _builder_version=&#8220;4.7.6&#8243; background_size=&#8220;initial&#8220; background_position=&#8220;top_left&#8220; background_repeat=&#8220;repeat&#8220;] Das Team [\/et_pb_text][\/et_pb_column][\/et_pb_row][et_pb_row column_structure=&#8220;1_4,1_4,1_4,1_4&#8243; admin_label=&#8220;row&#8220; _builder_version=&#8220;3.25&#8243; background_size=&#8220;initial&#8220; background_position=&#8220;top_left&#8220; background_repeat=&#8220;repeat&#8220;][et_pb_column type=&#8220;1_4&#8243; _builder_version=&#8220;3.25&#8243; custom_padding=&#8220;|||&#8220; custom_padding__hover=&#8220;|||&#8220;][et_pb_text admin_label=&#8220;Text&#8220; _builder_version=&#8220;4.7.6&#8243; background_size=&#8220;initial&#8220; background_position=&#8220;top_left&#8220; background_repeat=&#8220;repeat&#8220;] Der\u00a0Vorstand\u00a0des Teams Bananenflanke Bonn\/Rhein-Sieg [&hellip;]<\/p>\n","protected":false},"author":1,"featured_media":3529,"parent":0,"menu_order":0,"comment_status":"closed","ping_status":"closed","template":"","meta":{"_et_pb_use_builder":"on","_et_pb_old_content":"<!-- wp:paragraph -->\n<p>Dies ist eine Beispiel-Seite. Sie unterscheidet sich von Beitr\u00e4gen, da sie stets an derselben Stelle bleibt und (bei den meisten Themes) in der Website-Navigation angezeigt wird. Die meisten starten mit einem Impressum, der Datenschutzerkl\u00e4rung oder einer \u201e\u00dcber\u00a0uns\u201c-Seite, um sich potenziellen Besuchern der Website vorzustellen. Dort k\u00f6nnte zum Beispiel stehen:<\/p>\n<!-- \/wp:paragraph -->\n\n<!-- wp:quote -->\n<blockquote class=\"wp-block-quote\"><p>Hallo! Tags\u00fcber arbeite ich als Fahrradkurier, nachts bin ich ein aufstrebender Schauspieler und dies hier ist meine Website. Ich lebe in Berlin, habe einen gro\u00dfen Hund namens Jack, mag Pi&#241;a Coladas, jedoch weniger (ohne Schirm) im Regen stehen gelassen zu werden.<\/p><\/blockquote>\n<!-- \/wp:quote -->\n\n<!-- wp:paragraph -->\n<p>...\u00a0oder so etwas wie:<\/p>\n<!-- \/wp:paragraph -->\n\n<!-- wp:quote -->\n<blockquote class=\"wp-block-quote\"><p>Das Unternehmen XYZ wurde 1971 gegr\u00fcndet und versorgt die \u00d6ffentlichkeit seither mit qualitativ hochwertigen Produkten. An seinem Standort in einer kleinen Gro\u00dfstadt besch\u00e4ftigt der Betrieb \u00fcber 2.000 Menschen und unterst\u00fctzt die Stadtbewohner in vielfacher Hinsicht.<\/p><\/blockquote>\n<!-- \/wp:quote -->\n\n<!-- wp:paragraph -->\n<p>Als neuer WordPress-Benutzer solltest du <a href=\"http:\/\/creative-idee.net\/team-bananenflanke\/bonn\/wp-admin\/\">dein Dashboard<\/a> aufrufen, um diese Seite zu l\u00f6schen und neue Seiten und Beitr\u00e4ge f\u00fcr deine Website erstellen. Viel Spa\u00df!<\/p>\n<!-- \/wp:paragraph -->","_et_gb_content_width":"","footnotes":""},"class_list":["post-1887","page","type-page","status-publish","has-post-thumbnail","hentry"],"yoast_head":"<!-- This site is optimized with the Yoast SEO plugin v27.3 - https:\/\/yoast.com\/product\/yoast-seo-wordpress\/ -->\n<title>Das Team - Team Bananenflanke\u00ae Bonn \/ Rhein-Sieg e.V.<\/title>\n<meta name=\"description\" content=\"Lerne das Team Bananenflanke Bonn e.V. kennen: Spieler, Trainer und Unterst\u00fctzer, die sich gemeinsam f\u00fcr inklusiven Fu\u00dfball einsetzen.\" \/>\n<meta name=\"robots\" content=\"index, follow, max-snippet:-1, max-image-preview:large, max-video-preview:-1\" \/>\n<link rel=\"canonical\" href=\"https:\/\/team-bananenflanke.de\/bonn\/das-team-team-bananenflanke-bonn-e-v-spieler-trainer\/\" \/>\n<meta property=\"og:locale\" content=\"de_DE\" \/>\n<meta property=\"og:type\" content=\"article\" \/>\n<meta property=\"og:title\" content=\"Das Team - Team Bananenflanke\u00ae Bonn \/ Rhein-Sieg e.V.\" \/>\n<meta property=\"og:description\" content=\"Lerne das Team Bananenflanke Bonn e.V. kennen: Spieler, Trainer und Unterst\u00fctzer, die sich gemeinsam f\u00fcr inklusiven Fu\u00dfball einsetzen.\" \/>\n<meta property=\"og:url\" content=\"https:\/\/team-bananenflanke.de\/bonn\/das-team-team-bananenflanke-bonn-e-v-spieler-trainer\/\" \/>\n<meta property=\"og:site_name\" content=\"Team Bananenflanke\u00ae Bonn \/ Rhein-Sieg e.V.\" \/>\n<meta property=\"article:modified_time\" content=\"2026-03-31T14:40:05+00:00\" \/>\n<meta property=\"og:image\" content=\"https:\/\/team-bananenflanke.de\/bonn\/wp-content\/uploads\/2025\/11\/Team-1024x683.png\" \/>\n\t<meta property=\"og:image:width\" content=\"1024\" \/>\n\t<meta property=\"og:image:height\" content=\"683\" \/>\n\t<meta property=\"og:image:type\" content=\"image\/png\" \/>\n<meta name=\"twitter:card\" content=\"summary_large_image\" \/>\n<meta name=\"twitter:label1\" content=\"Gesch\u00e4tzte Lesezeit\" \/>\n\t<meta name=\"twitter:data1\" content=\"2\u00a0Minuten\" \/>\n<script type=\"application\/ld+json\" class=\"yoast-schema-graph\">{\"@context\":\"https:\\\/\\\/schema.org\",\"@graph\":[{\"@type\":\"WebPage\",\"@id\":\"https:\\\/\\\/team-bananenflanke.de\\\/bonn\\\/das-team-team-bananenflanke-bonn-e-v-spieler-trainer\\\/\",\"url\":\"https:\\\/\\\/team-bananenflanke.de\\\/bonn\\\/das-team-team-bananenflanke-bonn-e-v-spieler-trainer\\\/\",\"name\":\"Das Team - Team Bananenflanke\u00ae Bonn \\\/ Rhein-Sieg e.V.\",\"isPartOf\":{\"@id\":\"https:\\\/\\\/team-bananenflanke.de\\\/bonn\\\/#website\"},\"primaryImageOfPage\":{\"@id\":\"https:\\\/\\\/team-bananenflanke.de\\\/bonn\\\/das-team-team-bananenflanke-bonn-e-v-spieler-trainer\\\/#primaryimage\"},\"image\":{\"@id\":\"https:\\\/\\\/team-bananenflanke.de\\\/bonn\\\/das-team-team-bananenflanke-bonn-e-v-spieler-trainer\\\/#primaryimage\"},\"thumbnailUrl\":\"https:\\\/\\\/team-bananenflanke.de\\\/bonn\\\/wp-content\\\/uploads\\\/2025\\\/11\\\/Team.png\",\"datePublished\":\"2023-06-28T14:15:42+00:00\",\"dateModified\":\"2026-03-31T14:40:05+00:00\",\"description\":\"Lerne das Team Bananenflanke Bonn e.V. kennen: Spieler, Trainer und Unterst\u00fctzer, die sich gemeinsam f\u00fcr inklusiven Fu\u00dfball einsetzen.\",\"breadcrumb\":{\"@id\":\"https:\\\/\\\/team-bananenflanke.de\\\/bonn\\\/das-team-team-bananenflanke-bonn-e-v-spieler-trainer\\\/#breadcrumb\"},\"inLanguage\":\"de\",\"potentialAction\":[{\"@type\":\"ReadAction\",\"target\":[\"https:\\\/\\\/team-bananenflanke.de\\\/bonn\\\/das-team-team-bananenflanke-bonn-e-v-spieler-trainer\\\/\"]}]},{\"@type\":\"ImageObject\",\"inLanguage\":\"de\",\"@id\":\"https:\\\/\\\/team-bananenflanke.de\\\/bonn\\\/das-team-team-bananenflanke-bonn-e-v-spieler-trainer\\\/#primaryimage\",\"url\":\"https:\\\/\\\/team-bananenflanke.de\\\/bonn\\\/wp-content\\\/uploads\\\/2025\\\/11\\\/Team.png\",\"contentUrl\":\"https:\\\/\\\/team-bananenflanke.de\\\/bonn\\\/wp-content\\\/uploads\\\/2025\\\/11\\\/Team.png\",\"width\":1536,\"height\":1024},{\"@type\":\"BreadcrumbList\",\"@id\":\"https:\\\/\\\/team-bananenflanke.de\\\/bonn\\\/das-team-team-bananenflanke-bonn-e-v-spieler-trainer\\\/#breadcrumb\",\"itemListElement\":[{\"@type\":\"ListItem\",\"position\":1,\"name\":\"Startseite\",\"item\":\"https:\\\/\\\/team-bananenflanke.de\\\/bonn\\\/\"},{\"@type\":\"ListItem\",\"position\":2,\"name\":\"Das Team\"}]},{\"@type\":\"WebSite\",\"@id\":\"https:\\\/\\\/team-bananenflanke.de\\\/bonn\\\/#website\",\"url\":\"https:\\\/\\\/team-bananenflanke.de\\\/bonn\\\/\",\"name\":\"Team Bananenflanke\u00ae Bonn \\\/ Rhein-Sieg e.V.\",\"description\":\"Fu\u00dfball kennt keine Grenzen!\",\"potentialAction\":[{\"@type\":\"SearchAction\",\"target\":{\"@type\":\"EntryPoint\",\"urlTemplate\":\"https:\\\/\\\/team-bananenflanke.de\\\/bonn\\\/?s={search_term_string}\"},\"query-input\":{\"@type\":\"PropertyValueSpecification\",\"valueRequired\":true,\"valueName\":\"search_term_string\"}}],\"inLanguage\":\"de\"}]}<\/script>\n<!-- \/ Yoast SEO plugin. -->","yoast_head_json":{"title":"Das Team - Team Bananenflanke\u00ae Bonn \/ Rhein-Sieg e.V.","description":"Lerne das Team Bananenflanke Bonn e.V. kennen: Spieler, Trainer und Unterst\u00fctzer, die sich gemeinsam f\u00fcr inklusiven Fu\u00dfball einsetzen.","robots":{"index":"index","follow":"follow","max-snippet":"max-snippet:-1","max-image-preview":"max-image-preview:large","max-video-preview":"max-video-preview:-1"},"canonical":"https:\/\/team-bananenflanke.de\/bonn\/das-team-team-bananenflanke-bonn-e-v-spieler-trainer\/","og_locale":"de_DE","og_type":"article","og_title":"Das Team - Team Bananenflanke\u00ae Bonn \/ Rhein-Sieg e.V.","og_description":"Lerne das Team Bananenflanke Bonn e.V. kennen: Spieler, Trainer und Unterst\u00fctzer, die sich gemeinsam f\u00fcr inklusiven Fu\u00dfball einsetzen.","og_url":"https:\/\/team-bananenflanke.de\/bonn\/das-team-team-bananenflanke-bonn-e-v-spieler-trainer\/","og_site_name":"Team Bananenflanke\u00ae Bonn \/ Rhein-Sieg e.V.","article_modified_time":"2026-03-31T14:40:05+00:00","og_image":[{"width":1024,"height":683,"url":"https:\/\/team-bananenflanke.de\/bonn\/wp-content\/uploads\/2025\/11\/Team-1024x683.png","type":"image\/png"}],"twitter_card":"summary_large_image","twitter_misc":{"Gesch\u00e4tzte Lesezeit":"2\u00a0Minuten"},"schema":{"@context":"https:\/\/schema.org","@graph":[{"@type":"WebPage","@id":"https:\/\/team-bananenflanke.de\/bonn\/das-team-team-bananenflanke-bonn-e-v-spieler-trainer\/","url":"https:\/\/team-bananenflanke.de\/bonn\/das-team-team-bananenflanke-bonn-e-v-spieler-trainer\/","name":"Das Team - Team Bananenflanke\u00ae Bonn \/ Rhein-Sieg e.V.","isPartOf":{"@id":"https:\/\/team-bananenflanke.de\/bonn\/#website"},"primaryImageOfPage":{"@id":"https:\/\/team-bananenflanke.de\/bonn\/das-team-team-bananenflanke-bonn-e-v-spieler-trainer\/#primaryimage"},"image":{"@id":"https:\/\/team-bananenflanke.de\/bonn\/das-team-team-bananenflanke-bonn-e-v-spieler-trainer\/#primaryimage"},"thumbnailUrl":"https:\/\/team-bananenflanke.de\/bonn\/wp-content\/uploads\/2025\/11\/Team.png","datePublished":"2023-06-28T14:15:42+00:00","dateModified":"2026-03-31T14:40:05+00:00","description":"Lerne das Team Bananenflanke Bonn e.V. kennen: Spieler, Trainer und Unterst\u00fctzer, die sich gemeinsam f\u00fcr inklusiven Fu\u00dfball einsetzen.","breadcrumb":{"@id":"https:\/\/team-bananenflanke.de\/bonn\/das-team-team-bananenflanke-bonn-e-v-spieler-trainer\/#breadcrumb"},"inLanguage":"de","potentialAction":[{"@type":"ReadAction","target":["https:\/\/team-bananenflanke.de\/bonn\/das-team-team-bananenflanke-bonn-e-v-spieler-trainer\/"]}]},{"@type":"ImageObject","inLanguage":"de","@id":"https:\/\/team-bananenflanke.de\/bonn\/das-team-team-bananenflanke-bonn-e-v-spieler-trainer\/#primaryimage","url":"https:\/\/team-bananenflanke.de\/bonn\/wp-content\/uploads\/2025\/11\/Team.png","contentUrl":"https:\/\/team-bananenflanke.de\/bonn\/wp-content\/uploads\/2025\/11\/Team.png","width":1536,"height":1024},{"@type":"BreadcrumbList","@id":"https:\/\/team-bananenflanke.de\/bonn\/das-team-team-bananenflanke-bonn-e-v-spieler-trainer\/#breadcrumb","itemListElement":[{"@type":"ListItem","position":1,"name":"Startseite","item":"https:\/\/team-bananenflanke.de\/bonn\/"},{"@type":"ListItem","position":2,"name":"Das Team"}]},{"@type":"WebSite","@id":"https:\/\/team-bananenflanke.de\/bonn\/#website","url":"https:\/\/team-bananenflanke.de\/bonn\/","name":"Team Bananenflanke\u00ae Bonn \/ Rhein-Sieg e.V.","description":"Fu\u00dfball kennt keine Grenzen!","potentialAction":[{"@type":"SearchAction","target":{"@type":"EntryPoint","urlTemplate":"https:\/\/team-bananenflanke.de\/bonn\/?s={search_term_string}"},"query-input":{"@type":"PropertyValueSpecification","valueRequired":true,"valueName":"search_term_string"}}],"inLanguage":"de"}]}},"_links":{"self":[{"href":"https:\/\/team-bananenflanke.de\/bonn\/wp-json\/wp\/v2\/pages\/1887","targetHints":{"allow":["GET"]}}],"collection":[{"href":"https:\/\/team-bananenflanke.de\/bonn\/wp-json\/wp\/v2\/pages"}],"about":[{"href":"https:\/\/team-bananenflanke.de\/bonn\/wp-json\/wp\/v2\/types\/page"}],"author":[{"embeddable":true,"href":"https:\/\/team-bananenflanke.de\/bonn\/wp-json\/wp\/v2\/users\/1"}],"replies":[{"embeddable":true,"href":"https:\/\/team-bananenflanke.de\/bonn\/wp-json\/wp\/v2\/comments?post=1887"}],"version-history":[{"count":16,"href":"https:\/\/team-bananenflanke.de\/bonn\/wp-json\/wp\/v2\/pages\/1887\/revisions"}],"predecessor-version":[{"id":3844,"href":"https:\/\/team-bananenflanke.de\/bonn\/wp-json\/wp\/v2\/pages\/1887\/revisions\/3844"}],"wp:featuredmedia":[{"embeddable":true,"href":"https:\/\/team-bananenflanke.de\/bonn\/wp-json\/wp\/v2\/media\/3529"}],"wp:attachment":[{"href":"https:\/\/team-bananenflanke.de\/bonn\/wp-json\/wp\/v2\/media?parent=1887"}],"curies":[{"name":"wp","href":"https:\/\/api.w.org\/{rel}","templated":true}]}}